{"id":293,"date":"2026-04-01T16:51:05","date_gmt":"2026-04-01T16:51:05","guid":{"rendered":"https:\/\/genziii.azdigi.shop\/?post_type=product&#038;p=293"},"modified":"2026-04-04T15:31:25","modified_gmt":"2026-04-04T15:31:25","slug":"hoa-tai-anh-dao-topaz","status":"publish","type":"product","link":"https:\/\/genziii.azdigi.shop\/index.php\/product\/hoa-tai-anh-dao-topaz\/","title":{"rendered":"Hoa tai Anh \u0111\u00e0o-Topaz"},"content":{"rendered":"<p><img loading=\"lazy\" decoding=\"async\" class=\"size-medium wp-image-294 alignleft\" src=\"https:\/\/genziii.azdigi.shop\/wp-content\/uploads\/2026\/04\/van-hoa-tai-300x300.jpg\" alt=\"\" width=\"300\" height=\"300\" srcset=\"https:\/\/genziii.azdigi.shop\/wp-content\/uploads\/2026\/04\/van-hoa-tai-300x300.jpg 300w, https:\/\/genziii.azdigi.shop\/wp-content\/uploads\/2026\/04\/van-hoa-tai-150x150.jpg 150w, https:\/\/genziii.azdigi.shop\/wp-content\/uploads\/2026\/04\/van-hoa-tai-768x768.jpg 768w, https:\/\/genziii.azdigi.shop\/wp-content\/uploads\/2026\/04\/van-hoa-tai-600x600.jpg 600w, https:\/\/genziii.azdigi.shop\/wp-content\/uploads\/2026\/04\/van-hoa-tai-100x100.jpg 100w, https:\/\/genziii.azdigi.shop\/wp-content\/uploads\/2026\/04\/van-hoa-tai-50x50.jpg 50w, https:\/\/genziii.azdigi.shop\/wp-content\/uploads\/2026\/04\/van-hoa-tai.jpg 1024w\" sizes=\"auto, (max-width: 300px) 100vw, 300px\" \/><\/p>\n<p><strong><span dir=\"auto\" style=\"vertical-align: inherit;\"><span dir=\"auto\" style=\"vertical-align: inherit;\"><span dir=\"auto\" style=\"vertical-align: inherit;\"><span dir=\"auto\" style=\"vertical-align: inherit;\">S\u1ee9c s\u1ed1ng c\u1ee7a \u0110\u00e1 Topaz H\u1ed3ng<\/span><\/span><\/span><\/span><\/strong><br \/>\n<span dir=\"auto\" style=\"vertical-align: inherit;\"><span dir=\"auto\" style=\"vertical-align: inherit;\"><span dir=\"auto\" style=\"vertical-align: inherit;\"><span dir=\"auto\" style=\"vertical-align: inherit;\"> \u200bV\u1ebb \u0111\u1eb9p \u0111\u1ed9c c\u1ee7a \u0111\u00f4i b\u00f4ng tai n\u00e0y n\u1eb1m \u1edf \u0111i\u1ec3m nh\u1ea5n l\u00e0 nh\u1eefng vi\u00ean \u0111\u00e1 Topaz h\u1ed3ng (Pink Topaz) \u0111\u01b0\u1ee3c c\u1eaft m\u00e0i tinh theo c\u00e1nh hoa v\u00e0 h\u00ecnh hoa n\u01b0\u1edbc. M\u00e0u h\u1ed3ng nhu\u1eadn c\u1ee7a \u0111\u00e1 Topaz kh\u00f4ng ch\u1ec9 mang l\u1ea1i c\u1ea3m gi\u00e1c \u1ea5m \u00e1p, d\u1ecbu d\u00e0ng m\u00e0 c\u00f2n c\u1ef1c k\u1ef3 t\u00f4n gi\u00e1o, ph\u00f9 h\u1ee3p v\u1edbi m\u1ecdi l\u00e0n s\u00f3ng da ph\u00e1i \u0111\u1eb9p. <\/span><\/span><\/span><\/span><br \/>\n<span dir=\"auto\" style=\"vertical-align: inherit;\"><span dir=\"auto\" style=\"vertical-align: inherit;\"><span dir=\"auto\" style=\"vertical-align: inherit;\"><span dir=\"auto\" style=\"vertical-align: inherit;\">\u200b\u00c1nh s\u00e1ng r\u1ef1c r\u1ee1 v\u00e0 \u0111\u1ed1t ch\u00e1y c\u1ee7a Topaz h\u1ed3ng khi \u0111\u01b0\u1ee3c k\u1ebft h\u1ee3p v\u1edbi s\u1eafc v\u00e0ng h\u1ed3ng c\u1ee7a v\u1ecf b\u00f4ng tai t\u1ea1o n\u00ean m\u1ed9t b\u1ea3n giao h\u01b0\u1edfng m\u00e0u s\u1eafc tuy\u1ec7t v\u1eddi, thu h\u00fat m\u1ecdi \u00e1nh s\u00e1ng nh\u00ecn ngay t\u1eeb c\u00e1i nh\u00ecn \u0111\u1ea7u ti\u00ean. <\/span><\/span><\/span><\/span><br \/>\n<strong><span dir=\"auto\" style=\"vertical-align: inherit;\"><span dir=\"auto\" style=\"vertical-align: inherit;\"><span dir=\"auto\" style=\"vertical-align: inherit;\"><span dir=\"auto\" style=\"vertical-align: inherit;\">Thi\u1ebft K\u1ebf Tinh T\u1ebf \u0110\u1ebfn T\u1eebng Chi Ti\u1ebft<\/span><\/span><\/span><\/span><\/strong><br \/>\n<span dir=\"auto\" style=\"vertical-align: inherit;\"><span dir=\"auto\" style=\"vertical-align: inherit;\"><span dir=\"auto\" style=\"vertical-align: inherit;\"><span dir=\"auto\" style=\"vertical-align: inherit;\">\u200b M\u1ed7i b\u00f4ng tai l\u00e0 m\u1ed9t b\u00f4ng hoa anh \u0111\u00e0o 5 c\u00e1nh n\u1edf r\u1ed9ng. Hai c\u00e1nh hoa b\u00ean tr\u00ean \u0111\u01b0\u1ee3c t\u1ea1o n\u00ean t\u1eeb nh\u1eefng vi\u00ean \u0111\u00e1 Topaz h\u1ed3ng h\u00ecnh ng\u00e2m n\u01b0\u1edbc \u0111\u1ed1i x\u1ee9ng, trong khi ba c\u00e1nh hoa b\u00ean d\u01b0\u1edbi \u0111\u01b0\u1ee3c thi\u1ebft k\u1ebf v\u1edbi h\u00ecnh \u0111\u1ed9c, \u0111i\u1ec3m xuy\u1ebft nh\u1eefng vi\u00ean \u0111\u00e1 nh\u1ecf \u0110\u1ed1t \u0110\u1ed1t \u1edf nh\u1ee5y v\u00e0 c\u00e1c c\u00e1nh ph\u1ee5 xung quanh. <\/span><\/span><\/span><\/span><br \/>\n<span dir=\"auto\" style=\"vertical-align: inherit;\"><span dir=\"auto\" style=\"vertical-align: inherit;\"><span dir=\"auto\" style=\"vertical-align: inherit;\"><span dir=\"auto\" style=\"vertical-align: inherit;\">\u200bS\u1ef1 k\u1ebft h\u1ee3p ho\u00e0n h\u1ea3o gi\u1eefa k\u1ef9 thu\u1eadt ch\u1ebf d\u01b0\u1ee1ng luy\u1ec7n v\u00e0 v\u1ebb \u0111\u1eb9p t\u1ef1 nhi\u00ean c\u1ee7a \u0111\u00e1 Topaz h\u1ed3ng \u0111\u00e3 t\u1ea1o n\u00ean m\u1ed9t t\u00e1c ph\u1ea9m ngh\u1ec7 thu\u1eadt thu nh\u1ecf, t\u00f4n vinh v\u1ebb \u0111\u1eb9p thanh tao v\u00e0 d\u1ecbu d\u00e0ng c\u1ee7a ng\u01b0\u1eddi \u0111eo. <\/span><\/span><\/span><\/span><br \/>\n<strong><span dir=\"auto\" style=\"vertical-align: inherit;\"><span dir=\"auto\" style=\"vertical-align: inherit;\"><span dir=\"auto\" style=\"vertical-align: inherit;\"><span dir=\"auto\" style=\"vertical-align: inherit;\">M\u00f3n Qu\u00e0 \u00dd Ngh\u0129a Cho Ph\u00e1i \u0110\u1eb9p<\/span><\/span><\/span><\/span><\/strong><br \/>\n<span dir=\"auto\" style=\"vertical-align: inherit;\"><span dir=\"auto\" style=\"vertical-align: inherit;\"><span dir=\"auto\" style=\"vertical-align: inherit;\"><span dir=\"auto\" style=\"vertical-align: inherit;\"> \u200bHoa anh \u0111\u00e0o l\u00e0 bi\u1ec3u t\u01b0\u1ee3ng c\u1ee7a s\u1ef1 \u0111\u1ed5i m\u1edbi, v\u1ebb \u0111\u1eb9p mong manh nh\u01b0ng th\u1ec3 hi\u1ec7n c\u01b0\u1eddng v\u00e0 m\u1ed9t t\u00ecnh y\u00eau b\u1ea1ch khi\u1ebft. \u0110\u00f4i b\u00f4ng tai n\u00e0y s\u1ebd l\u00e0 m\u00f3n qu\u00e0 v\u00f4 c\u00f9ng \u00fd ngh\u0129a \u0111\u1ec3: <\/span><\/span><\/span><\/span><br \/>\n<span dir=\"auto\" style=\"vertical-align: inherit;\"><span dir=\"auto\" style=\"vertical-align: inherit;\"><span dir=\"auto\" style=\"vertical-align: inherit;\"><span dir=\"auto\" style=\"vertical-align: inherit;\">\u200bK\u1ebft h\u1ee3p nh\u1eefng b\u1ed9 v\u00e1y voan nh\u1eb9 nh\u00e0ng, trang ph\u1ee5c c\u00f4ng s\u1edf thanh l\u1ecbch hay \u00e1o s\u01a1 mi \u0111\u01a1n gi\u1ea3n. <\/span><\/span><\/span><\/span><br \/>\n<span dir=\"auto\" style=\"vertical-align: inherit;\"><span dir=\"auto\" style=\"vertical-align: inherit;\"><span dir=\"auto\" style=\"vertical-align: inherit;\"><span dir=\"auto\" style=\"vertical-align: inherit;\">\u200bL\u00e0m qu\u00e0 t\u1eb7ng \u00fd ngh\u0129a cho b\u1ea1n g\u00e1i, ch\u1ecb em g\u00e1i hay m\u1eb9 v\u00e0o c\u00e1c d\u1ecbp sinh nh\u1eadt, k\u1ef7 ni\u1ec7m, ng\u00e0y l\u1ec5. <\/span><\/span><\/span><\/span><br \/>\n<span dir=\"auto\" style=\"vertical-align: inherit;\"><span dir=\"auto\" style=\"vertical-align: inherit;\"><span dir=\"auto\" style=\"vertical-align: inherit;\"><span dir=\"auto\" style=\"vertical-align: inherit;\">T\u1ef1 th\u01b0\u1edfng cho b\u1ea3n th\u00e2n nh\u01b0 m\u1ed9t l\u1eddi nh\u1eafc nh\u1edf nh\u1eb9 nh\u00e0ng v\u1ec1 s\u1ef1 tr\u00e2n tr\u1ecdng v\u00e0 y\u00eau th\u01b0\u01a1ng ch\u00ednh m\u00ecnh.<\/span><\/span><\/span><\/span><\/p>\n<div class=\"message-action\">\n<div id=\"text-mCntr_7679727776775-1775020981597-0-622438011752990157\" class=\"text-message__container\" data-id=\"div_SentMsg_Text\">\n<div data-component=\"message-text-content\"><span dir=\"auto\"><span dir=\"auto\" style=\"vertical-align: inherit;\"><span dir=\"auto\" style=\"vertical-align: inherit;\"><span dir=\"auto\" style=\"vertical-align: inherit;\"><span dir=\"auto\" style=\"vertical-align: inherit;\">B\u1ea3o qu\u1ea3n s\u1ea3n ph\u1ea9m lu\u00f4n s\u00e1ng b\u00f3ng nh\u01b0 m\u1edbi, b\u1ea1n n\u00ean: \u200b<\/span><\/span><\/span><\/span><\/span><\/div>\n<div data-component=\"message-text-content\"><span dir=\"auto\"><span dir=\"auto\" style=\"vertical-align: inherit;\"><span dir=\"auto\" style=\"vertical-align: inherit;\"><span dir=\"auto\" style=\"vertical-align: inherit;\"><span dir=\"auto\" style=\"vertical-align: inherit;\">1. H\u00e0nh ch\u1ebf ti\u1ebfp x\u00fac tr\u1ef1c ti\u1ebfp v\u1edbi h\u00f3a ch\u1ea5t v\u00e0 n\u01b0\u1edbc hoa.<\/span><\/span><\/span><\/span><\/span><\/div>\n<div data-component=\"message-text-content\"><span dir=\"auto\"><span dir=\"auto\" style=\"vertical-align: inherit;\"><span dir=\"auto\" style=\"vertical-align: inherit;\"><span dir=\"auto\" style=\"vertical-align: inherit;\"><span dir=\"auto\" style=\"vertical-align: inherit;\">2. \u200bH\u00e3y th\u01b0 gi\u00e3n b\u1eb1ng kh\u0103n m\u1ec1m sau khi s\u1eed d\u1ee5ng.<\/span><\/span><\/span><\/span><\/span><\/div>\n<div data-component=\"message-text-content\"><span dir=\"auto\"><span dir=\"auto\" style=\"vertical-align: inherit;\"><span dir=\"auto\" style=\"vertical-align: inherit;\"><span dir=\"auto\" style=\"vertical-align: inherit;\"><span dir=\"auto\" style=\"vertical-align: inherit;\">3. \u200bGi\u1eef trong h\u1ed9p s\u1ee9c m\u1ea1nh khi kh\u00f4ng \u0111eo.<\/span><\/span><\/span><\/span><\/span><\/div>\n<\/div>\n<\/div>\n<div data-component=\"message-text-content\">\n<div id=\"messageView\" class=\"message-view \" tabindex=\"21\">\n<div>\n<div id=\"messageViewContainer\" class=\" message-view__scroll \">\n<div class=\"transform-gpu\">\n<div id=\"messageViewScroll\" class=\"message-view__scroll__inner --audit-message-spacing --less-space preview-ts fadeInAndOut\">\n<div class=\"block-date\">\n<div class=\"chat-item flx chat-item-audit chat-item-spacing me\">\n<div class=\"chat-content flx flx-col flx-cell chat-content-audit\">\n<div id=\"bb_msg_id_1775021465652\" class=\"chat-message chat-message-v2 wrap-message rotate-container me -send-time -reaction\" data-component=\"bubble-message\">\n<div class=\"message-wrapper message-wrapper--me\">\n<div class=\"message-content-wrapper\">\n<div class=\"message-content-render focused-background\">\n<div id=\"message-frame_1775021465652\" class=\" me last-msg card shadow-bubble message-frame focused-item focused-item--has-border\" data-component=\"message-content-view\" data-qid=\"7679751856884@1775021465652_0_622438011752990157\">\n<div class=\"\" data-id=\"div_DisabledTargetEventLayer\">\n<div class=\"message-action\">\n<div id=\"text-mCntr_7679751856884-1775021465652-0-622438011752990157\" class=\"text-message__container\" data-id=\"div_SentMsg_Text\">\n<div>\n<div data-component=\"message-text-content\"><\/div>\n<div class=\"overflow-hidden\" data-component=\"message-text-content\"><span class=\"text\"><span dir=\"auto\"><span dir=\"auto\" style=\"vertical-align: inherit;\"><span dir=\"auto\" style=\"vertical-align: inherit;\"><span dir=\"auto\" style=\"vertical-align: inherit;\"><span dir=\"auto\" style=\"vertical-align: inherit;\">S\u1edf h\u1eefu ngay m\u00f3n qu\u00e0 \u00fd ngh\u0129a d\u00e0nh cho b\u1ea3n th\u00e2n ho\u1eb7c ng\u01b0\u1eddi th\u01b0\u01a1ng. \u0110\u1eb7t h\u00e0ng \u0111\u1ec3 nh\u1eadn \u0111\u01b0\u1ee3c \u01b0u \u0111\u00e3i h\u1ea5p d\u1eabn ngay h\u00f4m nay!<\/span><\/span><\/span><\/span><\/span><\/span><\/div>\n<\/div>\n<\/div>\n<\/div>\n<\/div>\n<\/div>\n<\/div>\n<\/div>\n<\/div>\n<\/div>\n<\/div>\n<\/div>\n<\/div>\n<\/div>\n<\/div>\n<\/div>\n<\/div>\n<\/div>\n<\/div>\n","protected":false},"excerpt":{"rendered":"<p><span dir=\"auto\" style=\"vertical-align: inherit;\"><span dir=\"auto\" style=\"vertical-align: inherit;\"><span dir=\"auto\" style=\"vertical-align: inherit;\"><span dir=\"auto\" style=\"vertical-align: inherit;\">\u0110\u00f4i b\u00f4ng tai n\u00e0y kh\u00f4ng ch\u1ec9 l\u00e0 m\u1ed9t m\u00f3n ph\u1ee5 ki\u1ec7n \u0111\u01a1n thu\u1ea7n m\u00e0 n\u00f3 c\u00f2n l\u00e0 bi\u1ec3u t\u01b0\u1ee3ng c\u1ee7a s\u1ef1 tinh khi\u1ebft, d\u1ecbu d\u00e0ng v\u00e0 l\u00e3ng m\u1ea1n. \u0110\u01b0\u1ee3c c\u1ea3m h\u1ee9ng t\u1eeb nh\u1eefng c\u00e1nh hoa anh \u0111\u00e0o n\u1edf r\u1ed9ng n\u01a1i s\u1edf Ph\u00f9 Tang, \u0111\u00e2y l\u00e0 m\u00f3n qu\u00e0 tuy\u1ec7t v\u1eddi d\u00e0nh cho nh\u1eefng c\u00f4 g\u00e1i y\u00eau th\u00edch v\u1ebb \u0111\u1eb9p t\u1ef1 nhi\u00ean v\u00e0 thanh l\u1ecbch.<\/span><\/span><\/span><\/span><\/p>\n<p><span dir=\"auto\"><span dir=\"auto\" style=\"vertical-align: inherit;\"><span dir=\"auto\" style=\"vertical-align: inherit;\"><span dir=\"auto\" style=\"vertical-align: inherit;\"><span dir=\"auto\" style=\"vertical-align: inherit;\">Th\u00f4ng s\u1ed1 k\u1ef9 thu\u1eadt: <\/span><\/span><\/span><\/span><\/span><br \/>\n<span dir=\"auto\"><span dir=\"auto\" style=\"vertical-align: inherit;\"><span dir=\"auto\" style=\"vertical-align: inherit;\"><span dir=\"auto\" style=\"vertical-align: inherit;\"><span dir=\"auto\" style=\"vertical-align: inherit;\">\u200bCh\u1ea5t li\u1ec7u: B\u1ea1c \u00dd S925, M\u1ea1 v\u00e0ng h\u1ed3ng 18K, \u0110\u00e1 Topaz h\u1ed3ng, Kim c\u01b0\u01a1ng nh\u00e2n t\u1ea1o. <\/span><\/span><\/span><\/span><\/span><br \/>\n<span dir=\"auto\"><span dir=\"auto\" style=\"vertical-align: inherit;\"><span dir=\"auto\" style=\"vertical-align: inherit;\"><span dir=\"auto\" style=\"vertical-align: inherit;\"><span dir=\"auto\" style=\"vertical-align: inherit;\">K\u00edch th\u01b0\u1edbc: T\u00f9y ch\u1ecdn <\/span><\/span><\/span><\/span><\/span><br \/>\n<span dir=\"auto\"><span dir=\"auto\" style=\"vertical-align: inherit;\"><span dir=\"auto\" style=\"vertical-align: inherit;\"><span dir=\"auto\" style=\"vertical-align: inherit;\"><span dir=\"auto\" style=\"vertical-align: inherit;\">\u200bM\u00e0u s\u1eafc: V\u00e0ng h\u1ed3ng. <\/span><\/span><\/span><\/span><\/span><br \/>\n<span dir=\"auto\"><span dir=\"auto\" style=\"vertical-align: inherit;\"><span dir=\"auto\" style=\"vertical-align: inherit;\"><span dir=\"auto\" style=\"vertical-align: inherit;\"><span dir=\"auto\" style=\"vertical-align: inherit;\">\u200bPhong c\u00e1ch: Thanh l\u1ecbch, N\u1eef t\u00ednh.<\/span><\/span><\/span><\/span><\/span><\/p>\n","protected":false},"featured_media":294,"comment_status":"open","ping_status":"closed","template":"","meta":[],"product_brand":[],"product_cat":[28,39,27],"product_tag":[],"class_list":{"0":"post-293","1":"product","2":"type-product","3":"status-publish","4":"has-post-thumbnail","6":"product_cat-bo-suu-tap-van-hoa","7":"product_cat-hoa-tai","8":"product_cat-tat-ca-san-pham","10":"first","11":"instock","12":"featured","13":"shipping-taxable","14":"purchasable","15":"product-type-simple"},"yoast_head":"<!-- This site is optimized with the Yoast SEO plugin v27.1.1 - https:\/\/yoast.com\/product\/yoast-seo-wordpress\/ -->\n<title>Hoa tai Anh \u0111\u00e0o-Topaz - GENZiii<\/title>\n<meta name=\"description\" content=\"\u0110\u00f4i b\u00f4ng tai n\u00e0y kh\u00f4ng ch\u1ec9 l\u00e0 m\u1ed9t m\u00f3n ph\u1ee5 ki\u1ec7n \u0111\u01a1n thu\u1ea7n m\u00e0 n\u00f3 c\u00f2n l\u00e0 bi\u1ec3u t\u01b0\u1ee3ng c\u1ee7a s\u1ef1 tinh khi\u1ebft, d\u1ecbu d\u00e0ng v\u00e0 l\u00e3ng m\u1ea1n.\" \/>\n<meta name=\"robots\" content=\"index, follow, max-snippet:-1, max-image-preview:large, max-video-preview:-1\" \/>\n<link rel=\"canonical\" href=\"https:\/\/genziii.azdigi.shop\/index.php\/product\/hoa-tai-anh-dao-topaz\/\" \/>\n<meta property=\"og:locale\" content=\"en_US\" \/>\n<meta property=\"og:type\" content=\"article\" \/>\n<meta property=\"og:title\" content=\"Hoa tai Anh \u0111\u00e0o-Topaz - GENZiii\" \/>\n<meta property=\"og:description\" content=\"\u0110\u00f4i b\u00f4ng tai n\u00e0y kh\u00f4ng ch\u1ec9 l\u00e0 m\u1ed9t m\u00f3n ph\u1ee5 ki\u1ec7n \u0111\u01a1n thu\u1ea7n m\u00e0 n\u00f3 c\u00f2n l\u00e0 bi\u1ec3u t\u01b0\u1ee3ng c\u1ee7a s\u1ef1 tinh khi\u1ebft, d\u1ecbu d\u00e0ng v\u00e0 l\u00e3ng m\u1ea1n.\" \/>\n<meta property=\"og:url\" content=\"https:\/\/genziii.azdigi.shop\/index.php\/product\/hoa-tai-anh-dao-topaz\/\" \/>\n<meta property=\"og:site_name\" content=\"GENZiii\" \/>\n<meta property=\"article:modified_time\" content=\"2026-04-04T15:31:25+00:00\" \/>\n<meta property=\"og:image\" content=\"https:\/\/genziii.azdigi.shop\/wp-content\/uploads\/2026\/04\/van-hoa-tai.jpg\" \/>\n\t<meta property=\"og:image:width\" content=\"1024\" \/>\n\t<meta property=\"og:image:height\" content=\"1024\" \/>\n\t<meta property=\"og:image:type\" content=\"image\/jpeg\" \/>\n<meta name=\"twitter:card\" content=\"summary_large_image\" \/>\n<meta name=\"twitter:label1\" content=\"Est. reading time\" \/>\n\t<meta name=\"twitter:data1\" content=\"3 minutes\" \/>\n<script type=\"application\/ld+json\" class=\"yoast-schema-graph\">{\"@context\":\"https:\/\/schema.org\",\"@graph\":[{\"@type\":\"WebPage\",\"@id\":\"https:\/\/genziii.azdigi.shop\/index.php\/product\/hoa-tai-anh-dao-topaz\/\",\"url\":\"https:\/\/genziii.azdigi.shop\/index.php\/product\/hoa-tai-anh-dao-topaz\/\",\"name\":\"Hoa tai Anh \u0111\u00e0o-Topaz - GENZiii\",\"isPartOf\":{\"@id\":\"https:\/\/genziii.azdigi.shop\/#website\"},\"primaryImageOfPage\":{\"@id\":\"https:\/\/genziii.azdigi.shop\/index.php\/product\/hoa-tai-anh-dao-topaz\/#primaryimage\"},\"image\":{\"@id\":\"https:\/\/genziii.azdigi.shop\/index.php\/product\/hoa-tai-anh-dao-topaz\/#primaryimage\"},\"thumbnailUrl\":\"https:\/\/genziii.azdigi.shop\/wp-content\/uploads\/2026\/04\/van-hoa-tai.jpg\",\"datePublished\":\"2026-04-01T16:51:05+00:00\",\"dateModified\":\"2026-04-04T15:31:25+00:00\",\"description\":\"\u0110\u00f4i b\u00f4ng tai n\u00e0y kh\u00f4ng ch\u1ec9 l\u00e0 m\u1ed9t m\u00f3n ph\u1ee5 ki\u1ec7n \u0111\u01a1n thu\u1ea7n m\u00e0 n\u00f3 c\u00f2n l\u00e0 bi\u1ec3u t\u01b0\u1ee3ng c\u1ee7a s\u1ef1 tinh khi\u1ebft, d\u1ecbu d\u00e0ng v\u00e0 l\u00e3ng m\u1ea1n.\",\"breadcrumb\":{\"@id\":\"https:\/\/genziii.azdigi.shop\/index.php\/product\/hoa-tai-anh-dao-topaz\/#breadcrumb\"},\"inLanguage\":\"en-US\",\"potentialAction\":[{\"@type\":\"ReadAction\",\"target\":[\"https:\/\/genziii.azdigi.shop\/index.php\/product\/hoa-tai-anh-dao-topaz\/\"]}]},{\"@type\":\"ImageObject\",\"inLanguage\":\"en-US\",\"@id\":\"https:\/\/genziii.azdigi.shop\/index.php\/product\/hoa-tai-anh-dao-topaz\/#primaryimage\",\"url\":\"https:\/\/genziii.azdigi.shop\/wp-content\/uploads\/2026\/04\/van-hoa-tai.jpg\",\"contentUrl\":\"https:\/\/genziii.azdigi.shop\/wp-content\/uploads\/2026\/04\/van-hoa-tai.jpg\",\"width\":1024,\"height\":1024},{\"@type\":\"BreadcrumbList\",\"@id\":\"https:\/\/genziii.azdigi.shop\/index.php\/product\/hoa-tai-anh-dao-topaz\/#breadcrumb\",\"itemListElement\":[{\"@type\":\"ListItem\",\"position\":1,\"name\":\"Home\",\"item\":\"https:\/\/genziii.azdigi.shop\/\"},{\"@type\":\"ListItem\",\"position\":2,\"name\":\"Shop\",\"item\":\"https:\/\/genziii.azdigi.shop\/index.php\/shop\/\"},{\"@type\":\"ListItem\",\"position\":3,\"name\":\"Hoa tai Anh \u0111\u00e0o-Topaz\"}]},{\"@type\":\"WebSite\",\"@id\":\"https:\/\/genziii.azdigi.shop\/#website\",\"url\":\"https:\/\/genziii.azdigi.shop\/\",\"name\":\"GENZiii\",\"description\":\"GENZiii\",\"potentialAction\":[{\"@type\":\"SearchAction\",\"target\":{\"@type\":\"EntryPoint\",\"urlTemplate\":\"https:\/\/genziii.azdigi.shop\/?s={search_term_string}\"},\"query-input\":{\"@type\":\"PropertyValueSpecification\",\"valueRequired\":true,\"valueName\":\"search_term_string\"}}],\"inLanguage\":\"en-US\"}]}<\/script>\n<!-- \/ Yoast SEO plugin. -->","yoast_head_json":{"title":"Hoa tai Anh \u0111\u00e0o-Topaz - GENZiii","description":"\u0110\u00f4i b\u00f4ng tai n\u00e0y kh\u00f4ng ch\u1ec9 l\u00e0 m\u1ed9t m\u00f3n ph\u1ee5 ki\u1ec7n \u0111\u01a1n thu\u1ea7n m\u00e0 n\u00f3 c\u00f2n l\u00e0 bi\u1ec3u t\u01b0\u1ee3ng c\u1ee7a s\u1ef1 tinh khi\u1ebft, d\u1ecbu d\u00e0ng v\u00e0 l\u00e3ng m\u1ea1n.","robots":{"index":"index","follow":"follow","max-snippet":"max-snippet:-1","max-image-preview":"max-image-preview:large","max-video-preview":"max-video-preview:-1"},"canonical":"https:\/\/genziii.azdigi.shop\/index.php\/product\/hoa-tai-anh-dao-topaz\/","og_locale":"en_US","og_type":"article","og_title":"Hoa tai Anh \u0111\u00e0o-Topaz - GENZiii","og_description":"\u0110\u00f4i b\u00f4ng tai n\u00e0y kh\u00f4ng ch\u1ec9 l\u00e0 m\u1ed9t m\u00f3n ph\u1ee5 ki\u1ec7n \u0111\u01a1n thu\u1ea7n m\u00e0 n\u00f3 c\u00f2n l\u00e0 bi\u1ec3u t\u01b0\u1ee3ng c\u1ee7a s\u1ef1 tinh khi\u1ebft, d\u1ecbu d\u00e0ng v\u00e0 l\u00e3ng m\u1ea1n.","og_url":"https:\/\/genziii.azdigi.shop\/index.php\/product\/hoa-tai-anh-dao-topaz\/","og_site_name":"GENZiii","article_modified_time":"2026-04-04T15:31:25+00:00","og_image":[{"width":1024,"height":1024,"url":"https:\/\/genziii.azdigi.shop\/wp-content\/uploads\/2026\/04\/van-hoa-tai.jpg","type":"image\/jpeg"}],"twitter_card":"summary_large_image","twitter_misc":{"Est. reading time":"3 minutes"},"schema":{"@context":"https:\/\/schema.org","@graph":[{"@type":"WebPage","@id":"https:\/\/genziii.azdigi.shop\/index.php\/product\/hoa-tai-anh-dao-topaz\/","url":"https:\/\/genziii.azdigi.shop\/index.php\/product\/hoa-tai-anh-dao-topaz\/","name":"Hoa tai Anh \u0111\u00e0o-Topaz - GENZiii","isPartOf":{"@id":"https:\/\/genziii.azdigi.shop\/#website"},"primaryImageOfPage":{"@id":"https:\/\/genziii.azdigi.shop\/index.php\/product\/hoa-tai-anh-dao-topaz\/#primaryimage"},"image":{"@id":"https:\/\/genziii.azdigi.shop\/index.php\/product\/hoa-tai-anh-dao-topaz\/#primaryimage"},"thumbnailUrl":"https:\/\/genziii.azdigi.shop\/wp-content\/uploads\/2026\/04\/van-hoa-tai.jpg","datePublished":"2026-04-01T16:51:05+00:00","dateModified":"2026-04-04T15:31:25+00:00","description":"\u0110\u00f4i b\u00f4ng tai n\u00e0y kh\u00f4ng ch\u1ec9 l\u00e0 m\u1ed9t m\u00f3n ph\u1ee5 ki\u1ec7n \u0111\u01a1n thu\u1ea7n m\u00e0 n\u00f3 c\u00f2n l\u00e0 bi\u1ec3u t\u01b0\u1ee3ng c\u1ee7a s\u1ef1 tinh khi\u1ebft, d\u1ecbu d\u00e0ng v\u00e0 l\u00e3ng m\u1ea1n.","breadcrumb":{"@id":"https:\/\/genziii.azdigi.shop\/index.php\/product\/hoa-tai-anh-dao-topaz\/#breadcrumb"},"inLanguage":"en-US","potentialAction":[{"@type":"ReadAction","target":["https:\/\/genziii.azdigi.shop\/index.php\/product\/hoa-tai-anh-dao-topaz\/"]}]},{"@type":"ImageObject","inLanguage":"en-US","@id":"https:\/\/genziii.azdigi.shop\/index.php\/product\/hoa-tai-anh-dao-topaz\/#primaryimage","url":"https:\/\/genziii.azdigi.shop\/wp-content\/uploads\/2026\/04\/van-hoa-tai.jpg","contentUrl":"https:\/\/genziii.azdigi.shop\/wp-content\/uploads\/2026\/04\/van-hoa-tai.jpg","width":1024,"height":1024},{"@type":"BreadcrumbList","@id":"https:\/\/genziii.azdigi.shop\/index.php\/product\/hoa-tai-anh-dao-topaz\/#breadcrumb","itemListElement":[{"@type":"ListItem","position":1,"name":"Home","item":"https:\/\/genziii.azdigi.shop\/"},{"@type":"ListItem","position":2,"name":"Shop","item":"https:\/\/genziii.azdigi.shop\/index.php\/shop\/"},{"@type":"ListItem","position":3,"name":"Hoa tai Anh \u0111\u00e0o-Topaz"}]},{"@type":"WebSite","@id":"https:\/\/genziii.azdigi.shop\/#website","url":"https:\/\/genziii.azdigi.shop\/","name":"GENZiii","description":"GENZiii","potentialAction":[{"@type":"SearchAction","target":{"@type":"EntryPoint","urlTemplate":"https:\/\/genziii.azdigi.shop\/?s={search_term_string}"},"query-input":{"@type":"PropertyValueSpecification","valueRequired":true,"valueName":"search_term_string"}}],"inLanguage":"en-US"}]}},"_links":{"self":[{"href":"https:\/\/genziii.azdigi.shop\/index.php\/wp-json\/wp\/v2\/product\/293","targetHints":{"allow":["GET"]}}],"collection":[{"href":"https:\/\/genziii.azdigi.shop\/index.php\/wp-json\/wp\/v2\/product"}],"about":[{"href":"https:\/\/genziii.azdigi.shop\/index.php\/wp-json\/wp\/v2\/types\/product"}],"replies":[{"embeddable":true,"href":"https:\/\/genziii.azdigi.shop\/index.php\/wp-json\/wp\/v2\/comments?post=293"}],"wp:featuredmedia":[{"embeddable":true,"href":"https:\/\/genziii.azdigi.shop\/index.php\/wp-json\/wp\/v2\/media\/294"}],"wp:attachment":[{"href":"https:\/\/genziii.azdigi.shop\/index.php\/wp-json\/wp\/v2\/media?parent=293"}],"wp:term":[{"taxonomy":"product_brand","embeddable":true,"href":"https:\/\/genziii.azdigi.shop\/index.php\/wp-json\/wp\/v2\/product_brand?post=293"},{"taxonomy":"product_cat","embeddable":true,"href":"https:\/\/genziii.azdigi.shop\/index.php\/wp-json\/wp\/v2\/product_cat?post=293"},{"taxonomy":"product_tag","embeddable":true,"href":"https:\/\/genziii.azdigi.shop\/index.php\/wp-json\/wp\/v2\/product_tag?post=293"}],"curies":[{"name":"wp","href":"https:\/\/api.w.org\/{rel}","templated":true}]}}