{"id":365,"date":"2026-04-02T08:21:14","date_gmt":"2026-04-02T08:21:14","guid":{"rendered":"https:\/\/genziii.azdigi.shop\/?post_type=product&#038;p=365"},"modified":"2026-04-04T15:29:57","modified_gmt":"2026-04-04T15:29:57","slug":"hoa-tai-minimalism-tran-vien-man","status":"publish","type":"product","link":"https:\/\/genziii.azdigi.shop\/index.php\/product\/hoa-tai-minimalism-tran-vien-man\/","title":{"rendered":"Hoa tai minimalism-Tr\u00e2n Vi\u00ean M\u00e3n"},"content":{"rendered":"<h4 data-path-to-node=\"4\"><a href=\"hoa-tai-minimalism-tran-vien-man\"><img loading=\"lazy\" decoding=\"async\" class=\"alignleft wp-image-230 size-medium\" src=\"https:\/\/genziii.azdigi.shop\/wp-content\/uploads\/2026\/04\/5-300x275.png\" alt=\"\" width=\"300\" height=\"275\" srcset=\"https:\/\/genziii.azdigi.shop\/wp-content\/uploads\/2026\/04\/5-300x275.png 300w, https:\/\/genziii.azdigi.shop\/wp-content\/uploads\/2026\/04\/5-768x705.png 768w, https:\/\/genziii.azdigi.shop\/wp-content\/uploads\/2026\/04\/5-600x550.png 600w, https:\/\/genziii.azdigi.shop\/wp-content\/uploads\/2026\/04\/5.png 1016w\" sizes=\"auto, (max-width: 300px) 100vw, 300px\" \/><\/a><\/h4>\n<h4 data-path-to-node=\"4\"><strong><span dir=\"auto\" style=\"vertical-align: inherit;\"><span dir=\"auto\" style=\"vertical-align: inherit;\">S\u1ef1 th\u1eadt trong t\u1eebng con \u0111\u01b0\u1eddng r\u00f5 r\u00e0ng<\/span><\/span><\/strong><\/h4>\n<p data-path-to-node=\"5\"><span dir=\"auto\" style=\"vertical-align: inherit;\"><span dir=\"auto\" style=\"vertical-align: inherit;\">Thi\u1ebft k\u1ebf c\u1ee7a \u0111\u00f4i b\u00f4ng tai l\u00e0 s\u1ef1 k\u1ebft h\u1ee3p ho\u00e0n m\u1ef9 gi\u1eefa h\u00ecnh kh\u1ed1i hi\u1ec7n \u0111\u1ea1i v\u00e0 v\u1ebb \u0111\u1eb9p c\u1ed5 \u0111i\u1ec3n c\u1ee7a ng\u1ecdc trai. Ph\u1ea7n tr\u1ee5 \u0111\u01b0\u1ee3c ch\u1ebf t\u1ea1o v\u1eadn h\u00e0nh l\u01b0\u1edbt gi\u00f3, b\u1eaft s\u00e1ng v\u1eeba ph\u1ea3i, t\u1ea1o n\u00ean m\u1ed9t tr\u1ee5c th\u1eb3ng ho\u00e0n h\u1ea3o \u0111\u01b0\u1eddng \u00e1nh s\u00e1ng nh\u00ecn xu\u1ed1ng vi\u00ean ng\u1ecdc trai tr\u00f2n tr\u1ecba b\u00ean d\u01b0\u1edbi. \u0110i\u1ec3m xuy\u1ebft t\u1ea1i ph\u1ea7n ch\u00e2n \u0111\u01b0\u1ee3c khuy\u00ean d\u00f9ng l\u00e0 m\u1ed9t vi\u00ean \u0111\u00e1 qu\u00fd nh\u1ecf li ti, t\u1ea1o ra s\u1ef1 nh\u1eb9 nh\u00e0ng nh\u1eb9 nh\u00e0ng m\u1ed7i khi b\u1ea1n c\u1eed \u0111\u1ed9ng.<\/span><\/span><\/p>\n<p data-path-to-node=\"6\"><span dir=\"auto\" style=\"vertical-align: inherit;\"><span dir=\"auto\" style=\"vertical-align: inherit;\">trang s\u1ee9c n\u00e0y kh\u00f4ng ch\u1ec9 ph\u00f9 h\u1ee3p v\u1edbi nh\u1eefng b\u1ed9 d\u1ea1 d\u1ea1 h\u1ed9i sang tr\u1ecdng m\u00e0 c\u00f2n l\u00e0 \u0111i\u1ec3m nh\u1ea5n gi\u00e1 cho trang ph\u1ee5c \u00e1o s\u01a1 mi hay blazer c\u00f4ng s\u1edf, mang l\u1ea1i di\u1ec7n m\u1ea1o chuy\u00ean nghi\u1ec7p nh\u01b0ng kh\u00f4ng k\u00e9m ph\u1ea7n m\u1ec1m th\u01b0\u01a1ng m\u1ea1i.<\/span><\/span><\/p>\n<h4 data-path-to-node=\"1\"><strong><span dir=\"auto\" style=\"vertical-align: inherit;\"><span dir=\"auto\" style=\"vertical-align: inherit;\">Nguy\u00ean t\u1eafc v\u00e0ng b\u1ea3o qu\u1ea3n Ng\u1ecdc trai:<\/span><\/span><\/strong><\/h4>\n<ol start=\"1\" data-path-to-node=\"2\">\n<li>\n<p data-path-to-node=\"2,0,0\"><b data-path-to-node=\"2,0,0\" data-index-in-node=\"0\"><span dir=\"auto\" style=\"vertical-align: inherit;\"><span dir=\"auto\" style=\"vertical-align: inherit;\">Quy t\u1eafc &#8220;Sau c\u00f9ng &amp; \u0110\u1ea7u ti\u00ean&#8221;:<\/span><\/span><\/b><span dir=\"auto\" style=\"vertical-align: inherit;\"><span dir=\"auto\" style=\"vertical-align: inherit;\"> Lu\u00f4n \u0111eo b\u00f4ng tai <\/span><\/span><b data-path-to-node=\"2,0,0\" data-index-in-node=\"49\"><span dir=\"auto\" style=\"vertical-align: inherit;\"><span dir=\"auto\" style=\"vertical-align: inherit;\">sau c\u00f9ng<\/span><\/span><\/b><span dir=\"auto\" style=\"vertical-align: inherit;\"><span dir=\"auto\" style=\"vertical-align: inherit;\"> (sau khi trang \u0111i\u1ec3m, n\u01b0\u1edbc hoa) v\u00e0 r\u00fat ra <\/span><\/span><b data-path-to-node=\"2,0,0\" data-index-in-node=\"100\"><span dir=\"auto\" style=\"vertical-align: inherit;\"><span dir=\"auto\" style=\"vertical-align: inherit;\">\u0111\u1ea7u ti\u00ean<\/span><\/span><\/b><span dir=\"auto\" style=\"vertical-align: inherit;\"><span dir=\"auto\" style=\"vertical-align: inherit;\"> khi v\u1ec1 nh\u00e0 \u0111\u1ec3 tr\u00e1nh h\u00f3a ch\u1ea5t.<\/span><\/span><\/p>\n<\/li>\n<li>\n<p data-path-to-node=\"2,1,0\"><b data-path-to-node=\"2,1,0\" data-index-in-node=\"0\"><span dir=\"auto\" style=\"vertical-align: inherit;\"><span dir=\"auto\" style=\"vertical-align: inherit;\">Lau s\u1ea1ch sau khi \u0111eo:<\/span><\/span><\/b><span dir=\"auto\" style=\"vertical-align: inherit;\"><span dir=\"auto\" style=\"vertical-align: inherit;\"> D\u00f9ng v\u1ea3i m\u1ec1m, d\u01b0\u1ee1ng lau nh\u1eb9 b\u1ec1 m\u1eb7t ng\u1ecdc trai \u0111\u1ec3 lo\u1ea1i b\u1ecf m\u00f9i h\u00f4i v\u00e0 b\u1ee5i b\u1ea9n tr\u01b0\u1edbc khi mua s\u1eafm.<\/span><\/span><\/p>\n<\/li>\n<li>\n<p data-path-to-node=\"2,2,0\"><b data-path-to-node=\"2,2,0\" data-index-in-node=\"0\"><span dir=\"auto\" style=\"vertical-align: inherit;\"><span dir=\"auto\" style=\"vertical-align: inherit;\">Gi\u1eef ri\u00eang:<\/span><\/span><\/b><span dir=\"auto\" style=\"vertical-align: inherit;\"><span dir=\"auto\" style=\"vertical-align: inherit;\"> \u0110\u1ec3 trong h\u1ed9p nhung ho\u1eb7c t\u00fai v\u1ea3i ri\u00eang; tr\u00e1nh \u0111\u1ec3 chung v\u1edbi trang s\u1ee9c kim lo\u1ea1i tinh t\u1ebf \u0111\u1ec3 kh\u00f4ng b\u1ecb tr\u1ea7y x\u01b0\u1edbc.<\/span><\/span><\/p>\n<\/li>\n<li>\n<p data-path-to-node=\"2,3,0\"><b data-path-to-node=\"2,3,0\" data-index-in-node=\"0\"><span dir=\"auto\" style=\"vertical-align: inherit;\"><span dir=\"auto\" style=\"vertical-align: inherit;\">Tr\u00e1nh n\u01b0\u1edbc v\u00e0 nhi\u1ec7t:<\/span><\/span><\/b><span dir=\"auto\" style=\"vertical-align: inherit;\"><span dir=\"auto\" style=\"vertical-align: inherit;\"> Kh\u00f4ng \u0111eo khi \u0111i t\u1eafm, \u0111i t\u1eafm ho\u1eb7c x\u00f4ng h\u01a1i. Ng\u1ecdc trai c\u1ea7n \u0111\u1ed9 \u1ea9m t\u1ef1 nhi\u00ean nh\u01b0ng l\u1ea1i r\u1ea5t &#8220;s\u1ee3&#8221; h\u00f3a ch\u1ea5t t\u1ea9y r\u1eeda v\u00e0 nhi\u1ec7t \u0111\u1ed9 cao.<\/span><\/span><\/p>\n<\/li>\n<\/ol>\n","protected":false},"excerpt":{"rendered":"<p><span dir=\"auto\" style=\"vertical-align: inherit;\"><span dir=\"auto\" style=\"vertical-align: inherit;\">N\u1ebfu b\u1ea1n l\u00e0 m\u1ed9t t\u00edn \u0111\u1ed3 c\u1ee7a phong c\u00e1ch t\u1ed1i gi\u1ea3n (Ch\u1ee7 ngh\u0129a t\u1ed1i gi\u1ea3n) nh\u01b0ng v\u1eabn mu\u1ed1n t\u1ecfa s\u00e1ng s\u1ef1 qu\u00fd ph\u00e1i, \u0111\u00f4i b\u00f4ng tai ng\u1ecdc trai ki\u1ec3u d\u00e0i th\u00ec \u0111\u00e2y ch\u00ednh l\u00e0 s\u1ef1 l\u1ef1a ch\u1ecdn kh\u00f4ng th\u1ec3 b\u1ecf qua. Kh\u00e1c v\u1edbi nh\u1eefng thi\u1ebft k\u1ebf nhanh ch\u00f3ng, s\u1ea3n ph\u1ea9m t\u1eadp trung v\u00e0o nh\u1eefng \u0111\u01b0\u1eddng m\u1ea3nh thanh m\u1ea3nh, t\u1ea1o ra m\u1ed9t \u1ee9ng d\u1ee5ng k\u00e9o d\u00e0i b\u00f3ng m\u1eb7t, gi\u00fap ph\u00e1i \u0111\u1eb9p thanh tho\u00e1t v\u00e0 kh\u00ed ph\u00e1ch b\u1ea5t k\u1ef3 h\u01a1n.<\/span><\/span><\/p>\n<h4 data-path-to-node=\"7\"><strong>Th\u00f4ng s\u1ed1 k\u1ef9 thu\u1eadt s\u1ea3n ph\u1ea9m<\/strong><\/h4>\n<p data-path-to-node=\"8,0,0\">Ch\u1ea5t li\u1ec7u: H\u1ee3p kim cao c\u1ea5p m\u1ea1 v\u00e0ng 18K chu\u1ea9n qu\u1ed1c t\u1ebf, b\u1ec1 m\u1eb7t \u0111\u01b0\u1ee3c x\u1eed l\u00fd b\u00f3ng g\u01b0\u01a1ng ch\u1ed1ng x\u01b0\u1edbc.<\/p>\n<p data-path-to-node=\"8,1,0\">Ng\u1ecdc trai: Ng\u1ecdc trai n\u01b0\u1edbc ng\u1ecdt t\u1ef1 nhi\u00ean, h\u00ecnh d\u00e1ng tr\u00f2n \u0111\u1ec1u, k\u00edch th\u01b0\u1edbc kho\u1ea3ng 8mm &#8211; 9mm.<\/p>\n<p data-path-to-node=\"8,2,0\">\u0110\u00e1 \u0111\u00ednh k\u00e8m: \u0110\u00e1 Cubic Zirconia (CZ) tinh khi\u1ebft, m\u00f4 ph\u1ecfng \u00e1nh s\u00e1ng kim c\u01b0\u01a1ng.<\/p>\n<p data-path-to-node=\"8,3,0\">K\u00edch th\u01b0\u1edbc chi\u1ec1u d\u00e0i: Kho\u1ea3ng 4.5cm &#8211; 5.0cm, t\u1ea1o \u0111\u1ed9 r\u1ee7 m\u1ec1m m\u1ea1i d\u1ecdc theo x\u01b0\u01a1ng quai h\u00e0m.<\/p>\n<p data-path-to-node=\"8,4,0\">\n<p data-path-to-node=\"8,5,0\">\n","protected":false},"featured_media":230,"comment_status":"open","ping_status":"closed","template":"","meta":[],"product_brand":[],"product_cat":[39,27,47],"product_tag":[],"class_list":{"0":"post-365","1":"product","2":"type-product","3":"status-publish","4":"has-post-thumbnail","6":"product_cat-hoa-tai","7":"product_cat-tat-ca-san-pham","8":"product_cat-tran-vien-man","10":"first","11":"instock","12":"featured","13":"shipping-taxable","14":"purchasable","15":"product-type-simple"},"yoast_head":"<!-- This site is optimized with the Yoast SEO plugin v27.1.1 - https:\/\/yoast.com\/product\/yoast-seo-wordpress\/ -->\n<title>Hoa tai minimalism-Tr\u00e2n Vi\u00ean M\u00e3n - GENZiii<\/title>\n<meta name=\"description\" content=\"\u0110\u00f4i b\u00f4ng tai n\u00e0y kh\u00f4ng ch\u1ec9 l\u00e0 trang s\u1ee9c, n\u00f3 l\u00e0 hi\u1ec7n th\u00e2n c\u1ee7a s\u1ef1 t\u1ef1 tin v\u00e0 n\u00e9t duy\u00ean d\u00e1ng ng\u1ea7m \u0111\u1ecbnh. H\u00e3y s\u1edf h\u1eefu ngay \u0111\u1ec3 n\u00e2ng t\u1ea7m phong c\u00e1ch c\u00e1 nh\u00e2n c\u1ee7a b\u1ea1n!\" \/>\n<meta name=\"robots\" content=\"index, follow, max-snippet:-1, max-image-preview:large, max-video-preview:-1\" \/>\n<link rel=\"canonical\" href=\"https:\/\/genziii.azdigi.shop\/index.php\/product\/hoa-tai-minimalism-tran-vien-man\/\" \/>\n<meta property=\"og:locale\" content=\"en_US\" \/>\n<meta property=\"og:type\" content=\"article\" \/>\n<meta property=\"og:title\" content=\"Hoa tai minimalism-Tr\u00e2n Vi\u00ean M\u00e3n - GENZiii\" \/>\n<meta property=\"og:description\" content=\"\u0110\u00f4i b\u00f4ng tai n\u00e0y kh\u00f4ng ch\u1ec9 l\u00e0 trang s\u1ee9c, n\u00f3 l\u00e0 hi\u1ec7n th\u00e2n c\u1ee7a s\u1ef1 t\u1ef1 tin v\u00e0 n\u00e9t duy\u00ean d\u00e1ng ng\u1ea7m \u0111\u1ecbnh. H\u00e3y s\u1edf h\u1eefu ngay \u0111\u1ec3 n\u00e2ng t\u1ea7m phong c\u00e1ch c\u00e1 nh\u00e2n c\u1ee7a b\u1ea1n!\" \/>\n<meta property=\"og:url\" content=\"https:\/\/genziii.azdigi.shop\/index.php\/product\/hoa-tai-minimalism-tran-vien-man\/\" \/>\n<meta property=\"og:site_name\" content=\"GENZiii\" \/>\n<meta property=\"article:modified_time\" content=\"2026-04-04T15:29:57+00:00\" \/>\n<meta property=\"og:image\" content=\"https:\/\/genziii.azdigi.shop\/wp-content\/uploads\/2026\/04\/5.png\" \/>\n\t<meta property=\"og:image:width\" content=\"1016\" \/>\n\t<meta property=\"og:image:height\" content=\"932\" \/>\n\t<meta property=\"og:image:type\" content=\"image\/png\" \/>\n<meta name=\"twitter:card\" content=\"summary_large_image\" \/>\n<meta name=\"twitter:label1\" content=\"Est. reading time\" \/>\n\t<meta name=\"twitter:data1\" content=\"2 minutes\" \/>\n<script type=\"application\/ld+json\" class=\"yoast-schema-graph\">{\"@context\":\"https:\/\/schema.org\",\"@graph\":[{\"@type\":\"WebPage\",\"@id\":\"https:\/\/genziii.azdigi.shop\/index.php\/product\/hoa-tai-minimalism-tran-vien-man\/\",\"url\":\"https:\/\/genziii.azdigi.shop\/index.php\/product\/hoa-tai-minimalism-tran-vien-man\/\",\"name\":\"Hoa tai minimalism-Tr\u00e2n Vi\u00ean M\u00e3n - GENZiii\",\"isPartOf\":{\"@id\":\"https:\/\/genziii.azdigi.shop\/#website\"},\"primaryImageOfPage\":{\"@id\":\"https:\/\/genziii.azdigi.shop\/index.php\/product\/hoa-tai-minimalism-tran-vien-man\/#primaryimage\"},\"image\":{\"@id\":\"https:\/\/genziii.azdigi.shop\/index.php\/product\/hoa-tai-minimalism-tran-vien-man\/#primaryimage\"},\"thumbnailUrl\":\"https:\/\/genziii.azdigi.shop\/wp-content\/uploads\/2026\/04\/5.png\",\"datePublished\":\"2026-04-02T08:21:14+00:00\",\"dateModified\":\"2026-04-04T15:29:57+00:00\",\"description\":\"\u0110\u00f4i b\u00f4ng tai n\u00e0y kh\u00f4ng ch\u1ec9 l\u00e0 trang s\u1ee9c, n\u00f3 l\u00e0 hi\u1ec7n th\u00e2n c\u1ee7a s\u1ef1 t\u1ef1 tin v\u00e0 n\u00e9t duy\u00ean d\u00e1ng ng\u1ea7m \u0111\u1ecbnh. H\u00e3y s\u1edf h\u1eefu ngay \u0111\u1ec3 n\u00e2ng t\u1ea7m phong c\u00e1ch c\u00e1 nh\u00e2n c\u1ee7a b\u1ea1n!\",\"breadcrumb\":{\"@id\":\"https:\/\/genziii.azdigi.shop\/index.php\/product\/hoa-tai-minimalism-tran-vien-man\/#breadcrumb\"},\"inLanguage\":\"en-US\",\"potentialAction\":[{\"@type\":\"ReadAction\",\"target\":[\"https:\/\/genziii.azdigi.shop\/index.php\/product\/hoa-tai-minimalism-tran-vien-man\/\"]}]},{\"@type\":\"ImageObject\",\"inLanguage\":\"en-US\",\"@id\":\"https:\/\/genziii.azdigi.shop\/index.php\/product\/hoa-tai-minimalism-tran-vien-man\/#primaryimage\",\"url\":\"https:\/\/genziii.azdigi.shop\/wp-content\/uploads\/2026\/04\/5.png\",\"contentUrl\":\"https:\/\/genziii.azdigi.shop\/wp-content\/uploads\/2026\/04\/5.png\",\"width\":1016,\"height\":932},{\"@type\":\"BreadcrumbList\",\"@id\":\"https:\/\/genziii.azdigi.shop\/index.php\/product\/hoa-tai-minimalism-tran-vien-man\/#breadcrumb\",\"itemListElement\":[{\"@type\":\"ListItem\",\"position\":1,\"name\":\"Home\",\"item\":\"https:\/\/genziii.azdigi.shop\/\"},{\"@type\":\"ListItem\",\"position\":2,\"name\":\"Shop\",\"item\":\"https:\/\/genziii.azdigi.shop\/index.php\/shop\/\"},{\"@type\":\"ListItem\",\"position\":3,\"name\":\"Hoa tai minimalism-Tr\u00e2n Vi\u00ean M\u00e3n\"}]},{\"@type\":\"WebSite\",\"@id\":\"https:\/\/genziii.azdigi.shop\/#website\",\"url\":\"https:\/\/genziii.azdigi.shop\/\",\"name\":\"GENZiii\",\"description\":\"GENZiii\",\"potentialAction\":[{\"@type\":\"SearchAction\",\"target\":{\"@type\":\"EntryPoint\",\"urlTemplate\":\"https:\/\/genziii.azdigi.shop\/?s={search_term_string}\"},\"query-input\":{\"@type\":\"PropertyValueSpecification\",\"valueRequired\":true,\"valueName\":\"search_term_string\"}}],\"inLanguage\":\"en-US\"}]}<\/script>\n<!-- \/ Yoast SEO plugin. -->","yoast_head_json":{"title":"Hoa tai minimalism-Tr\u00e2n Vi\u00ean M\u00e3n - GENZiii","description":"\u0110\u00f4i b\u00f4ng tai n\u00e0y kh\u00f4ng ch\u1ec9 l\u00e0 trang s\u1ee9c, n\u00f3 l\u00e0 hi\u1ec7n th\u00e2n c\u1ee7a s\u1ef1 t\u1ef1 tin v\u00e0 n\u00e9t duy\u00ean d\u00e1ng ng\u1ea7m \u0111\u1ecbnh. H\u00e3y s\u1edf h\u1eefu ngay \u0111\u1ec3 n\u00e2ng t\u1ea7m phong c\u00e1ch c\u00e1 nh\u00e2n c\u1ee7a b\u1ea1n!","robots":{"index":"index","follow":"follow","max-snippet":"max-snippet:-1","max-image-preview":"max-image-preview:large","max-video-preview":"max-video-preview:-1"},"canonical":"https:\/\/genziii.azdigi.shop\/index.php\/product\/hoa-tai-minimalism-tran-vien-man\/","og_locale":"en_US","og_type":"article","og_title":"Hoa tai minimalism-Tr\u00e2n Vi\u00ean M\u00e3n - GENZiii","og_description":"\u0110\u00f4i b\u00f4ng tai n\u00e0y kh\u00f4ng ch\u1ec9 l\u00e0 trang s\u1ee9c, n\u00f3 l\u00e0 hi\u1ec7n th\u00e2n c\u1ee7a s\u1ef1 t\u1ef1 tin v\u00e0 n\u00e9t duy\u00ean d\u00e1ng ng\u1ea7m \u0111\u1ecbnh. H\u00e3y s\u1edf h\u1eefu ngay \u0111\u1ec3 n\u00e2ng t\u1ea7m phong c\u00e1ch c\u00e1 nh\u00e2n c\u1ee7a b\u1ea1n!","og_url":"https:\/\/genziii.azdigi.shop\/index.php\/product\/hoa-tai-minimalism-tran-vien-man\/","og_site_name":"GENZiii","article_modified_time":"2026-04-04T15:29:57+00:00","og_image":[{"width":1016,"height":932,"url":"https:\/\/genziii.azdigi.shop\/wp-content\/uploads\/2026\/04\/5.png","type":"image\/png"}],"twitter_card":"summary_large_image","twitter_misc":{"Est. reading time":"2 minutes"},"schema":{"@context":"https:\/\/schema.org","@graph":[{"@type":"WebPage","@id":"https:\/\/genziii.azdigi.shop\/index.php\/product\/hoa-tai-minimalism-tran-vien-man\/","url":"https:\/\/genziii.azdigi.shop\/index.php\/product\/hoa-tai-minimalism-tran-vien-man\/","name":"Hoa tai minimalism-Tr\u00e2n Vi\u00ean M\u00e3n - GENZiii","isPartOf":{"@id":"https:\/\/genziii.azdigi.shop\/#website"},"primaryImageOfPage":{"@id":"https:\/\/genziii.azdigi.shop\/index.php\/product\/hoa-tai-minimalism-tran-vien-man\/#primaryimage"},"image":{"@id":"https:\/\/genziii.azdigi.shop\/index.php\/product\/hoa-tai-minimalism-tran-vien-man\/#primaryimage"},"thumbnailUrl":"https:\/\/genziii.azdigi.shop\/wp-content\/uploads\/2026\/04\/5.png","datePublished":"2026-04-02T08:21:14+00:00","dateModified":"2026-04-04T15:29:57+00:00","description":"\u0110\u00f4i b\u00f4ng tai n\u00e0y kh\u00f4ng ch\u1ec9 l\u00e0 trang s\u1ee9c, n\u00f3 l\u00e0 hi\u1ec7n th\u00e2n c\u1ee7a s\u1ef1 t\u1ef1 tin v\u00e0 n\u00e9t duy\u00ean d\u00e1ng ng\u1ea7m \u0111\u1ecbnh. H\u00e3y s\u1edf h\u1eefu ngay \u0111\u1ec3 n\u00e2ng t\u1ea7m phong c\u00e1ch c\u00e1 nh\u00e2n c\u1ee7a b\u1ea1n!","breadcrumb":{"@id":"https:\/\/genziii.azdigi.shop\/index.php\/product\/hoa-tai-minimalism-tran-vien-man\/#breadcrumb"},"inLanguage":"en-US","potentialAction":[{"@type":"ReadAction","target":["https:\/\/genziii.azdigi.shop\/index.php\/product\/hoa-tai-minimalism-tran-vien-man\/"]}]},{"@type":"ImageObject","inLanguage":"en-US","@id":"https:\/\/genziii.azdigi.shop\/index.php\/product\/hoa-tai-minimalism-tran-vien-man\/#primaryimage","url":"https:\/\/genziii.azdigi.shop\/wp-content\/uploads\/2026\/04\/5.png","contentUrl":"https:\/\/genziii.azdigi.shop\/wp-content\/uploads\/2026\/04\/5.png","width":1016,"height":932},{"@type":"BreadcrumbList","@id":"https:\/\/genziii.azdigi.shop\/index.php\/product\/hoa-tai-minimalism-tran-vien-man\/#breadcrumb","itemListElement":[{"@type":"ListItem","position":1,"name":"Home","item":"https:\/\/genziii.azdigi.shop\/"},{"@type":"ListItem","position":2,"name":"Shop","item":"https:\/\/genziii.azdigi.shop\/index.php\/shop\/"},{"@type":"ListItem","position":3,"name":"Hoa tai minimalism-Tr\u00e2n Vi\u00ean M\u00e3n"}]},{"@type":"WebSite","@id":"https:\/\/genziii.azdigi.shop\/#website","url":"https:\/\/genziii.azdigi.shop\/","name":"GENZiii","description":"GENZiii","potentialAction":[{"@type":"SearchAction","target":{"@type":"EntryPoint","urlTemplate":"https:\/\/genziii.azdigi.shop\/?s={search_term_string}"},"query-input":{"@type":"PropertyValueSpecification","valueRequired":true,"valueName":"search_term_string"}}],"inLanguage":"en-US"}]}},"_links":{"self":[{"href":"https:\/\/genziii.azdigi.shop\/index.php\/wp-json\/wp\/v2\/product\/365","targetHints":{"allow":["GET"]}}],"collection":[{"href":"https:\/\/genziii.azdigi.shop\/index.php\/wp-json\/wp\/v2\/product"}],"about":[{"href":"https:\/\/genziii.azdigi.shop\/index.php\/wp-json\/wp\/v2\/types\/product"}],"replies":[{"embeddable":true,"href":"https:\/\/genziii.azdigi.shop\/index.php\/wp-json\/wp\/v2\/comments?post=365"}],"wp:featuredmedia":[{"embeddable":true,"href":"https:\/\/genziii.azdigi.shop\/index.php\/wp-json\/wp\/v2\/media\/230"}],"wp:attachment":[{"href":"https:\/\/genziii.azdigi.shop\/index.php\/wp-json\/wp\/v2\/media?parent=365"}],"wp:term":[{"taxonomy":"product_brand","embeddable":true,"href":"https:\/\/genziii.azdigi.shop\/index.php\/wp-json\/wp\/v2\/product_brand?post=365"},{"taxonomy":"product_cat","embeddable":true,"href":"https:\/\/genziii.azdigi.shop\/index.php\/wp-json\/wp\/v2\/product_cat?post=365"},{"taxonomy":"product_tag","embeddable":true,"href":"https:\/\/genziii.azdigi.shop\/index.php\/wp-json\/wp\/v2\/product_tag?post=365"}],"curies":[{"name":"wp","href":"https:\/\/api.w.org\/{rel}","templated":true}]}}