{"id":367,"date":"2026-04-02T08:37:05","date_gmt":"2026-04-02T08:37:05","guid":{"rendered":"https:\/\/genziii.azdigi.shop\/?post_type=product&#038;p=367"},"modified":"2026-04-04T15:27:55","modified_gmt":"2026-04-04T15:27:55","slug":"hoa-tai-art-tran-vien-man","status":"publish","type":"product","link":"https:\/\/genziii.azdigi.shop\/index.php\/product\/hoa-tai-art-tran-vien-man\/","title":{"rendered":"Hoa tai ART-Tr\u00e2n Vi\u00ean M\u00e3n"},"content":{"rendered":"<h4 data-path-to-node=\"5\"><img loading=\"lazy\" decoding=\"async\" class=\"size-medium wp-image-361 alignleft\" src=\"https:\/\/genziii.azdigi.shop\/wp-content\/uploads\/2026\/04\/3-1-300x243.png\" alt=\"\" width=\"300\" height=\"243\" srcset=\"https:\/\/genziii.azdigi.shop\/wp-content\/uploads\/2026\/04\/3-1-300x243.png 300w, https:\/\/genziii.azdigi.shop\/wp-content\/uploads\/2026\/04\/3-1-768x622.png 768w, https:\/\/genziii.azdigi.shop\/wp-content\/uploads\/2026\/04\/3-1-600x486.png 600w, https:\/\/genziii.azdigi.shop\/wp-content\/uploads\/2026\/04\/3-1.png 1024w\" sizes=\"auto, (max-width: 300px) 100vw, 300px\" \/><\/h4>\n<h4 data-path-to-node=\"5\"><strong>Thi\u1ebft k\u1ebf mang t\u00ednh bi\u1ec3u t\u01b0\u1ee3ng<\/strong><\/h4>\n<p data-path-to-node=\"6\">\u0110i\u1ec3m thu h\u00fat \u0111\u1ea7u ti\u00ean ch\u00ednh l\u00e0 ph\u1ea7n h\u1ecda ti\u1ebft h\u00ecnh qu\u1ea1t g\u1ea5p x\u00f2e ra \u0111\u1ea7y ki\u00eau sa. L\u1ea5y c\u1ea3m h\u1ee9ng t\u1eeb th\u1eddi k\u1ef3 Art Deco r\u1ef1c r\u1ee1, h\u1ecda ti\u1ebft n\u00e0y \u0111\u01b0\u1ee3c t\u1ea1o n\u00ean t\u1eeb nh\u1eefng \u0111\u01b0\u1eddng th\u1eb3ng song song mang \u0111\u1ebfn c\u1ea3m gi\u00e1c m\u1ea1nh m\u1ebd v\u00e0 tr\u1eadt t\u1ef1. Ch\u1ea5t li\u1ec7u h\u1ee3p kim cao c\u1ea5p m\u1ea1 v\u00e0ng 18K \u1ea5m \u00e1p l\u00e0m n\u1ed5i b\u1eadt s\u1ef1 r\u1ef1c r\u1ee1 c\u1ee7a c\u00e1c vi\u00ean \u0111\u00e1 qu\u00fd.<\/p>\n<p data-path-to-node=\"7\">S\u1ef1 tinh t\u1ebf n\u1eb1m \u1edf vi\u1ec7c k\u1ebft h\u1ee3p hai ki\u1ec3u c\u1eaft \u0111\u00e1 kh\u00e1c nhau tr\u00ean ph\u1ea7n qu\u1ea1t: nh\u1eefng vi\u00ean \u0111\u00e1 Cubic Zirconia (CZ) tr\u00f2n l\u1ea5p l\u00e1nh nh\u01b0 s\u01b0\u01a1ng mai \u0111\u01b0\u1ee3c \u0111\u00ednh vi\u1ec1n v\u00e0 nh\u1eefng vi\u00ean \u0111\u00e1 CZ h\u00ecnh ch\u1eef nh\u1eadt (baguette) s\u1eafc s\u1ea3o \u0111\u01b0\u1ee3c \u0111\u1eb7t \u1edf trung t\u00e2m. S\u1ef1 \u0111\u1ed1i l\u1eadp n\u00e0y t\u1ea1o n\u00ean m\u1ed9t hi\u1ec7u \u1ee9ng \u00e1nh s\u00e1ng \u0111a chi\u1ec1u, thu h\u00fat m\u1ecdi \u00e1nh nh\u00ecn.<\/p>\n<p data-path-to-node=\"8\">D\u01b0\u1edbi c\u00f9ng, \u0111\u01b0\u1ee3c li\u00ean k\u1ebft tinh x\u1ea3o, l\u00e0 hai vi\u00ean ng\u1ecdc trai n\u01b0\u1edbc ng\u1ecdt tr\u1eafng tinh kh\u00f4i v\u1edbi h\u00ecnh d\u00e1ng tr\u00f2n \u0111\u1ec1u v\u00e0 \u0111\u1ed9 b\u00f3ng ho\u00e0n h\u1ea3o. Ng\u1ecdc trai l\u00e0 bi\u1ec3u t\u01b0\u1ee3ng c\u1ee7a s\u1ef1 n\u1eef t\u00ednh, thanh l\u1ecbch v\u00e0 mang l\u1ea1i n\u0103ng l\u01b0\u1ee3ng t\u00edch c\u1ef1c cho ch\u1ee7 nh\u00e2n. S\u1ef1 \u0111\u1ed1i l\u1eadp gi\u1eefa ph\u1ea7n qu\u1ea1t c\u1ee9ng c\u00e1p, g\u00f3c c\u1ea1nh v\u00e0 vi\u00ean ng\u1ecdc m\u1ec1m m\u1ea1i, uy\u1ec3n chuy\u1ec3n t\u1ea1o n\u00ean m\u1ed9t s\u1ef1 h\u00e0i h\u00f2a tuy\u1ec7t \u0111\u1ed1i.<\/p>\n<h4 data-path-to-node=\"1\"><strong><span dir=\"auto\">Nguy\u00ean t\u1eafc v\u00e0ng b\u1ea3o qu\u1ea3n Ng\u1ecdc trai:<\/span><\/strong><\/h4>\n<ol start=\"1\" data-path-to-node=\"2\">\n<li>\n<p data-path-to-node=\"2,0,0\"><b data-path-to-node=\"2,0,0\" data-index-in-node=\"0\"><span dir=\"auto\">Quy t\u1eafc \u201cSau c\u00f9ng &amp; \u0110\u1ea7u ti\u00ean\u201d:<\/span><\/b><span dir=\"auto\">\u00a0Lu\u00f4n \u0111eo b\u00f4ng tai\u00a0<\/span><b data-path-to-node=\"2,0,0\" data-index-in-node=\"49\"><span dir=\"auto\">sau c\u00f9ng<\/span><\/b><span dir=\"auto\">\u00a0(sau khi trang \u0111i\u1ec3m, n\u01b0\u1edbc hoa) v\u00e0 r\u00fat ra\u00a0<\/span><b data-path-to-node=\"2,0,0\" data-index-in-node=\"100\"><span dir=\"auto\">\u0111\u1ea7u ti\u00ean<\/span><\/b><span dir=\"auto\">\u00a0khi v\u1ec1 nh\u00e0 \u0111\u1ec3 tr\u00e1nh h\u00f3a ch\u1ea5t.<\/span><\/p>\n<\/li>\n<li>\n<p data-path-to-node=\"2,1,0\"><b data-path-to-node=\"2,1,0\" data-index-in-node=\"0\"><span dir=\"auto\">Lau s\u1ea1ch sau khi \u0111eo:<\/span><\/b><span dir=\"auto\">\u00a0D\u00f9ng v\u1ea3i m\u1ec1m, d\u01b0\u1ee1ng lau nh\u1eb9 b\u1ec1 m\u1eb7t ng\u1ecdc trai \u0111\u1ec3 lo\u1ea1i b\u1ecf m\u00f9i h\u00f4i v\u00e0 b\u1ee5i b\u1ea9n tr\u01b0\u1edbc khi mua s\u1eafm.<\/span><\/p>\n<\/li>\n<li>\n<p data-path-to-node=\"2,2,0\"><b data-path-to-node=\"2,2,0\" data-index-in-node=\"0\"><span dir=\"auto\">Keep d\u00e0nh ri\u00eang:<\/span><\/b><span dir=\"auto\">\u00a0\u0110\u1ec3 trong h\u1ed9p nhung ho\u1eb7c t\u00fai v\u1ea3i d\u00e0nh ri\u00eang; tr\u00e1nh \u0111\u1ec3 chung v\u1edbi trang s\u1ee9c kim lo\u1ea1i tinh t\u1ebf \u0111\u1ec3 kh\u00f4ng b\u1ecb tr\u1ea7y x\u01b0\u1edbc.<\/span><\/p>\n<\/li>\n<li>\n<p data-path-to-node=\"2,3,0\"><b data-path-to-node=\"2,3,0\" data-index-in-node=\"0\"><span dir=\"auto\">Tr\u00e1nh n\u01b0\u1edbc v\u00e0 nhi\u1ec7t:<\/span><\/b><span dir=\"auto\">\u00a0Kh\u00f4ng \u0111eo khi \u0111i t\u1eafm, \u0111i t\u1eafm ho\u1eb7c x\u00f4ng h\u01a1i. Ng\u1ecdc trai c\u1ea7n \u0111\u1ed9 \u1ea9m t\u1ef1 nhi\u00ean nh\u01b0ng l\u1ea1i r\u1ea5t \u201cs\u1ee3\u201d h\u00f3a ch\u1ea5t t\u1ea9y r\u1eeda v\u00e0 nhi\u1ec7t \u0111\u1ed9 cao.<\/span><\/p>\n<\/li>\n<\/ol>\n","protected":false},"excerpt":{"rendered":"<p>Trong th\u1ebf gi\u1edbi trang s\u1ee9c cao c\u1ea5p, kh\u00f4ng c\u00f3 nhi\u1ec1u phong c\u00e1ch c\u00f3 th\u1ec3 k\u1ebft h\u1ee3p s\u1ef1 t\u00e1o b\u1ea1o v\u1ec1 h\u00ecnh kh\u1ed1i v\u1edbi v\u1ebb \u0111\u1eb9p thu\u1ea7n khi\u1ebft c\u1ee7a thi\u00ean nhi\u00ean m\u1ed9t c\u00e1ch ho\u00e0n h\u1ea3o nh\u01b0 Art Deco. \u0110\u00f4i b\u00f4ng tai ng\u1ecdc trai \u0111\u00ednh \u0111\u00e1 d\u00e1ng qu\u1ea1t n\u00e0y l\u00e0 minh ch\u1ee9ng r\u00f5 r\u00e0ng nh\u1ea5t cho \u0111i\u1ec1u \u0111\u00f3. \u0110\u00e2y l\u00e0 m\u1ed9t t\u00e1c ph\u1ea9m \u0111\u01b0\u1ee3c thi\u1ebft k\u1ebf d\u00e0nh ri\u00eang cho nh\u1eefng ng\u01b0\u1eddi ph\u1ee5 n\u1eef c\u00f3 gu th\u1ea9m m\u1ef9 s\u1eafc s\u1ea3o, y\u00eau th\u00edch s\u1ef1 k\u1ebft h\u1ee3p gi\u1eefa n\u00e9t ho\u00e0i c\u1ed5 (vintage) v\u00e0 h\u01a1i th\u1edf hi\u1ec7n \u0111\u1ea1i.<\/p>\n<h4 data-path-to-node=\"10\"><strong>Th\u00f4ng s\u1ed1 k\u1ef9 thu\u1eadt s\u1ea3n ph\u1ea9m<\/strong><\/h4>\n<p data-path-to-node=\"11,0,0\">Phong c\u00e1ch: Art Deco, Sang tr\u1ecdng, Hi\u1ec7n \u0111\u1ea1i.<\/p>\n<p data-path-to-node=\"11,1,0\">Ch\u1ea5t li\u1ec7u: H\u1ee3p kim cao c\u1ea5p ph\u1ee7 3 l\u1edbp v\u00e0ng 18K b\u1ec1n m\u00e0u, ch\u1ed1ng oxy h\u00f3a.<\/p>\n<p data-path-to-node=\"11,2,0\">Ng\u1ecdc trai: Ng\u1ecdc trai n\u01b0\u1edbc ng\u1ecdt (Freshwater Pearl) lo\u1ea1i AAA+, m\u00e0u tr\u1eafng thu\u1ea7n. K\u00edch th\u01b0\u1edbc vi\u00ean ng\u1ecdc: 11-12mm.<\/p>\n<p data-path-to-node=\"11,3,0\">\u0110\u00e1 qu\u00fd: \u0110\u00e1 Cubic Zirconia (CZ) \u0111\u1ed9 tinh khi\u1ebft cao. C\u1eaft m\u00e0i h\u00ecnh tr\u00f2n v\u00e0 h\u00ecnh ch\u1eef nh\u1eadt (baguette).<\/p>\n","protected":false},"featured_media":361,"comment_status":"open","ping_status":"closed","template":"","meta":[],"product_brand":[],"product_cat":[39,27,47],"product_tag":[],"class_list":{"0":"post-367","1":"product","2":"type-product","3":"status-publish","4":"has-post-thumbnail","6":"product_cat-hoa-tai","7":"product_cat-tat-ca-san-pham","8":"product_cat-tran-vien-man","10":"first","11":"instock","12":"shipping-taxable","13":"purchasable","14":"product-type-simple"},"yoast_head":"<!-- This site is optimized with the Yoast SEO plugin v27.1.1 - https:\/\/yoast.com\/product\/yoast-seo-wordpress\/ -->\n<title>Hoa tai ART-Tr\u00e2n Vi\u00ean M\u00e3n - GENZiii<\/title>\n<meta name=\"description\" content=\"\u0110\u00f4i b\u00f4ng tai n\u00e0y ch\u00ednh l\u00e0 tuy\u00ean ng\u00f4n v\u1ec1 gu th\u1ea9m m\u1ef9 tinh t\u1ebf c\u1ee7a b\u1ea1n. H\u00e3y \u0111\u1ec3 n\u00f3 thay b\u1ea1n n\u00f3i l\u00ean \u0111\u1eb3ng c\u1ea5p v\u00e0 s\u1ef1 t\u1ef1 tin trong m\u1ed7i b\u01b0\u1edbc \u0111i!\" \/>\n<meta name=\"robots\" content=\"index, follow, max-snippet:-1, max-image-preview:large, max-video-preview:-1\" \/>\n<link rel=\"canonical\" href=\"https:\/\/genziii.azdigi.shop\/index.php\/product\/hoa-tai-art-tran-vien-man\/\" \/>\n<meta property=\"og:locale\" content=\"en_US\" \/>\n<meta property=\"og:type\" content=\"article\" \/>\n<meta property=\"og:title\" content=\"Hoa tai ART-Tr\u00e2n Vi\u00ean M\u00e3n - GENZiii\" \/>\n<meta property=\"og:description\" content=\"\u0110\u00f4i b\u00f4ng tai n\u00e0y ch\u00ednh l\u00e0 tuy\u00ean ng\u00f4n v\u1ec1 gu th\u1ea9m m\u1ef9 tinh t\u1ebf c\u1ee7a b\u1ea1n. H\u00e3y \u0111\u1ec3 n\u00f3 thay b\u1ea1n n\u00f3i l\u00ean \u0111\u1eb3ng c\u1ea5p v\u00e0 s\u1ef1 t\u1ef1 tin trong m\u1ed7i b\u01b0\u1edbc \u0111i!\" \/>\n<meta property=\"og:url\" content=\"https:\/\/genziii.azdigi.shop\/index.php\/product\/hoa-tai-art-tran-vien-man\/\" \/>\n<meta property=\"og:site_name\" content=\"GENZiii\" \/>\n<meta property=\"article:modified_time\" content=\"2026-04-04T15:27:55+00:00\" \/>\n<meta property=\"og:image\" content=\"https:\/\/genziii.azdigi.shop\/wp-content\/uploads\/2026\/04\/3-1.png\" \/>\n\t<meta property=\"og:image:width\" content=\"1024\" \/>\n\t<meta property=\"og:image:height\" content=\"829\" \/>\n\t<meta property=\"og:image:type\" content=\"image\/png\" \/>\n<meta name=\"twitter:card\" content=\"summary_large_image\" \/>\n<meta name=\"twitter:label1\" content=\"Est. reading time\" \/>\n\t<meta name=\"twitter:data1\" content=\"2 minutes\" \/>\n<script type=\"application\/ld+json\" class=\"yoast-schema-graph\">{\"@context\":\"https:\/\/schema.org\",\"@graph\":[{\"@type\":\"WebPage\",\"@id\":\"https:\/\/genziii.azdigi.shop\/index.php\/product\/hoa-tai-art-tran-vien-man\/\",\"url\":\"https:\/\/genziii.azdigi.shop\/index.php\/product\/hoa-tai-art-tran-vien-man\/\",\"name\":\"Hoa tai ART-Tr\u00e2n Vi\u00ean M\u00e3n - GENZiii\",\"isPartOf\":{\"@id\":\"https:\/\/genziii.azdigi.shop\/#website\"},\"primaryImageOfPage\":{\"@id\":\"https:\/\/genziii.azdigi.shop\/index.php\/product\/hoa-tai-art-tran-vien-man\/#primaryimage\"},\"image\":{\"@id\":\"https:\/\/genziii.azdigi.shop\/index.php\/product\/hoa-tai-art-tran-vien-man\/#primaryimage\"},\"thumbnailUrl\":\"https:\/\/genziii.azdigi.shop\/wp-content\/uploads\/2026\/04\/3-1.png\",\"datePublished\":\"2026-04-02T08:37:05+00:00\",\"dateModified\":\"2026-04-04T15:27:55+00:00\",\"description\":\"\u0110\u00f4i b\u00f4ng tai n\u00e0y ch\u00ednh l\u00e0 tuy\u00ean ng\u00f4n v\u1ec1 gu th\u1ea9m m\u1ef9 tinh t\u1ebf c\u1ee7a b\u1ea1n. H\u00e3y \u0111\u1ec3 n\u00f3 thay b\u1ea1n n\u00f3i l\u00ean \u0111\u1eb3ng c\u1ea5p v\u00e0 s\u1ef1 t\u1ef1 tin trong m\u1ed7i b\u01b0\u1edbc \u0111i!\",\"breadcrumb\":{\"@id\":\"https:\/\/genziii.azdigi.shop\/index.php\/product\/hoa-tai-art-tran-vien-man\/#breadcrumb\"},\"inLanguage\":\"en-US\",\"potentialAction\":[{\"@type\":\"ReadAction\",\"target\":[\"https:\/\/genziii.azdigi.shop\/index.php\/product\/hoa-tai-art-tran-vien-man\/\"]}]},{\"@type\":\"ImageObject\",\"inLanguage\":\"en-US\",\"@id\":\"https:\/\/genziii.azdigi.shop\/index.php\/product\/hoa-tai-art-tran-vien-man\/#primaryimage\",\"url\":\"https:\/\/genziii.azdigi.shop\/wp-content\/uploads\/2026\/04\/3-1.png\",\"contentUrl\":\"https:\/\/genziii.azdigi.shop\/wp-content\/uploads\/2026\/04\/3-1.png\",\"width\":1024,\"height\":829},{\"@type\":\"BreadcrumbList\",\"@id\":\"https:\/\/genziii.azdigi.shop\/index.php\/product\/hoa-tai-art-tran-vien-man\/#breadcrumb\",\"itemListElement\":[{\"@type\":\"ListItem\",\"position\":1,\"name\":\"Home\",\"item\":\"https:\/\/genziii.azdigi.shop\/\"},{\"@type\":\"ListItem\",\"position\":2,\"name\":\"Shop\",\"item\":\"https:\/\/genziii.azdigi.shop\/index.php\/shop\/\"},{\"@type\":\"ListItem\",\"position\":3,\"name\":\"Hoa tai ART-Tr\u00e2n Vi\u00ean M\u00e3n\"}]},{\"@type\":\"WebSite\",\"@id\":\"https:\/\/genziii.azdigi.shop\/#website\",\"url\":\"https:\/\/genziii.azdigi.shop\/\",\"name\":\"GENZiii\",\"description\":\"GENZiii\",\"potentialAction\":[{\"@type\":\"SearchAction\",\"target\":{\"@type\":\"EntryPoint\",\"urlTemplate\":\"https:\/\/genziii.azdigi.shop\/?s={search_term_string}\"},\"query-input\":{\"@type\":\"PropertyValueSpecification\",\"valueRequired\":true,\"valueName\":\"search_term_string\"}}],\"inLanguage\":\"en-US\"}]}<\/script>\n<!-- \/ Yoast SEO plugin. -->","yoast_head_json":{"title":"Hoa tai ART-Tr\u00e2n Vi\u00ean M\u00e3n - GENZiii","description":"\u0110\u00f4i b\u00f4ng tai n\u00e0y ch\u00ednh l\u00e0 tuy\u00ean ng\u00f4n v\u1ec1 gu th\u1ea9m m\u1ef9 tinh t\u1ebf c\u1ee7a b\u1ea1n. H\u00e3y \u0111\u1ec3 n\u00f3 thay b\u1ea1n n\u00f3i l\u00ean \u0111\u1eb3ng c\u1ea5p v\u00e0 s\u1ef1 t\u1ef1 tin trong m\u1ed7i b\u01b0\u1edbc \u0111i!","robots":{"index":"index","follow":"follow","max-snippet":"max-snippet:-1","max-image-preview":"max-image-preview:large","max-video-preview":"max-video-preview:-1"},"canonical":"https:\/\/genziii.azdigi.shop\/index.php\/product\/hoa-tai-art-tran-vien-man\/","og_locale":"en_US","og_type":"article","og_title":"Hoa tai ART-Tr\u00e2n Vi\u00ean M\u00e3n - GENZiii","og_description":"\u0110\u00f4i b\u00f4ng tai n\u00e0y ch\u00ednh l\u00e0 tuy\u00ean ng\u00f4n v\u1ec1 gu th\u1ea9m m\u1ef9 tinh t\u1ebf c\u1ee7a b\u1ea1n. H\u00e3y \u0111\u1ec3 n\u00f3 thay b\u1ea1n n\u00f3i l\u00ean \u0111\u1eb3ng c\u1ea5p v\u00e0 s\u1ef1 t\u1ef1 tin trong m\u1ed7i b\u01b0\u1edbc \u0111i!","og_url":"https:\/\/genziii.azdigi.shop\/index.php\/product\/hoa-tai-art-tran-vien-man\/","og_site_name":"GENZiii","article_modified_time":"2026-04-04T15:27:55+00:00","og_image":[{"width":1024,"height":829,"url":"https:\/\/genziii.azdigi.shop\/wp-content\/uploads\/2026\/04\/3-1.png","type":"image\/png"}],"twitter_card":"summary_large_image","twitter_misc":{"Est. reading time":"2 minutes"},"schema":{"@context":"https:\/\/schema.org","@graph":[{"@type":"WebPage","@id":"https:\/\/genziii.azdigi.shop\/index.php\/product\/hoa-tai-art-tran-vien-man\/","url":"https:\/\/genziii.azdigi.shop\/index.php\/product\/hoa-tai-art-tran-vien-man\/","name":"Hoa tai ART-Tr\u00e2n Vi\u00ean M\u00e3n - GENZiii","isPartOf":{"@id":"https:\/\/genziii.azdigi.shop\/#website"},"primaryImageOfPage":{"@id":"https:\/\/genziii.azdigi.shop\/index.php\/product\/hoa-tai-art-tran-vien-man\/#primaryimage"},"image":{"@id":"https:\/\/genziii.azdigi.shop\/index.php\/product\/hoa-tai-art-tran-vien-man\/#primaryimage"},"thumbnailUrl":"https:\/\/genziii.azdigi.shop\/wp-content\/uploads\/2026\/04\/3-1.png","datePublished":"2026-04-02T08:37:05+00:00","dateModified":"2026-04-04T15:27:55+00:00","description":"\u0110\u00f4i b\u00f4ng tai n\u00e0y ch\u00ednh l\u00e0 tuy\u00ean ng\u00f4n v\u1ec1 gu th\u1ea9m m\u1ef9 tinh t\u1ebf c\u1ee7a b\u1ea1n. H\u00e3y \u0111\u1ec3 n\u00f3 thay b\u1ea1n n\u00f3i l\u00ean \u0111\u1eb3ng c\u1ea5p v\u00e0 s\u1ef1 t\u1ef1 tin trong m\u1ed7i b\u01b0\u1edbc \u0111i!","breadcrumb":{"@id":"https:\/\/genziii.azdigi.shop\/index.php\/product\/hoa-tai-art-tran-vien-man\/#breadcrumb"},"inLanguage":"en-US","potentialAction":[{"@type":"ReadAction","target":["https:\/\/genziii.azdigi.shop\/index.php\/product\/hoa-tai-art-tran-vien-man\/"]}]},{"@type":"ImageObject","inLanguage":"en-US","@id":"https:\/\/genziii.azdigi.shop\/index.php\/product\/hoa-tai-art-tran-vien-man\/#primaryimage","url":"https:\/\/genziii.azdigi.shop\/wp-content\/uploads\/2026\/04\/3-1.png","contentUrl":"https:\/\/genziii.azdigi.shop\/wp-content\/uploads\/2026\/04\/3-1.png","width":1024,"height":829},{"@type":"BreadcrumbList","@id":"https:\/\/genziii.azdigi.shop\/index.php\/product\/hoa-tai-art-tran-vien-man\/#breadcrumb","itemListElement":[{"@type":"ListItem","position":1,"name":"Home","item":"https:\/\/genziii.azdigi.shop\/"},{"@type":"ListItem","position":2,"name":"Shop","item":"https:\/\/genziii.azdigi.shop\/index.php\/shop\/"},{"@type":"ListItem","position":3,"name":"Hoa tai ART-Tr\u00e2n Vi\u00ean M\u00e3n"}]},{"@type":"WebSite","@id":"https:\/\/genziii.azdigi.shop\/#website","url":"https:\/\/genziii.azdigi.shop\/","name":"GENZiii","description":"GENZiii","potentialAction":[{"@type":"SearchAction","target":{"@type":"EntryPoint","urlTemplate":"https:\/\/genziii.azdigi.shop\/?s={search_term_string}"},"query-input":{"@type":"PropertyValueSpecification","valueRequired":true,"valueName":"search_term_string"}}],"inLanguage":"en-US"}]}},"_links":{"self":[{"href":"https:\/\/genziii.azdigi.shop\/index.php\/wp-json\/wp\/v2\/product\/367","targetHints":{"allow":["GET"]}}],"collection":[{"href":"https:\/\/genziii.azdigi.shop\/index.php\/wp-json\/wp\/v2\/product"}],"about":[{"href":"https:\/\/genziii.azdigi.shop\/index.php\/wp-json\/wp\/v2\/types\/product"}],"replies":[{"embeddable":true,"href":"https:\/\/genziii.azdigi.shop\/index.php\/wp-json\/wp\/v2\/comments?post=367"}],"wp:featuredmedia":[{"embeddable":true,"href":"https:\/\/genziii.azdigi.shop\/index.php\/wp-json\/wp\/v2\/media\/361"}],"wp:attachment":[{"href":"https:\/\/genziii.azdigi.shop\/index.php\/wp-json\/wp\/v2\/media?parent=367"}],"wp:term":[{"taxonomy":"product_brand","embeddable":true,"href":"https:\/\/genziii.azdigi.shop\/index.php\/wp-json\/wp\/v2\/product_brand?post=367"},{"taxonomy":"product_cat","embeddable":true,"href":"https:\/\/genziii.azdigi.shop\/index.php\/wp-json\/wp\/v2\/product_cat?post=367"},{"taxonomy":"product_tag","embeddable":true,"href":"https:\/\/genziii.azdigi.shop\/index.php\/wp-json\/wp\/v2\/product_tag?post=367"}],"curies":[{"name":"wp","href":"https:\/\/api.w.org\/{rel}","templated":true}]}}