{"id":368,"date":"2026-04-02T08:43:07","date_gmt":"2026-04-02T08:43:07","guid":{"rendered":"https:\/\/genziii.azdigi.shop\/?post_type=product&#038;p=368"},"modified":"2026-04-04T15:29:45","modified_gmt":"2026-04-04T15:29:45","slug":"day-chuyen-tran-vien-man","status":"publish","type":"product","link":"https:\/\/genziii.azdigi.shop\/index.php\/product\/day-chuyen-tran-vien-man\/","title":{"rendered":"D\u00e2y chuy\u1ec1n Tr\u00e2n Vi\u00ean M\u00e3n"},"content":{"rendered":"<h4 data-path-to-node=\"4\"><a href=\"day-chuyen-tran-vien-man\"><img loading=\"lazy\" decoding=\"async\" class=\"alignleft wp-image-234 size-medium\" src=\"https:\/\/genziii.azdigi.shop\/wp-content\/uploads\/2026\/04\/2-300x164.png\" alt=\"\" width=\"300\" height=\"164\" srcset=\"https:\/\/genziii.azdigi.shop\/wp-content\/uploads\/2026\/04\/2-300x164.png 300w, https:\/\/genziii.azdigi.shop\/wp-content\/uploads\/2026\/04\/2-1024x559.png 1024w, https:\/\/genziii.azdigi.shop\/wp-content\/uploads\/2026\/04\/2-768x419.png 768w, https:\/\/genziii.azdigi.shop\/wp-content\/uploads\/2026\/04\/2-600x327.png 600w, https:\/\/genziii.azdigi.shop\/wp-content\/uploads\/2026\/04\/2.png 1408w\" sizes=\"auto, (max-width: 300px) 100vw, 300px\" \/><\/a><\/h4>\n<h4 data-path-to-node=\"4\"><strong>S\u1ef1 h\u1ed9i t\u1ee5 c\u1ee7a nh\u1eefng vi\u00ean ng\u1ecdc qu\u00fd hi\u1ebfm<\/strong><\/h4>\n<p data-path-to-node=\"5\">\u0110i\u1ec3m \u0111\u1eaft gi\u00e1 nh\u1ea5t c\u1ee7a tuy\u1ec7t t\u00e1c n\u00e0y ch\u00ednh l\u00e0 s\u1ef1 \u0111\u1ed3ng nh\u1ea5t \u0111\u1ebfn kinh ng\u1ea1c c\u1ee7a h\u00e0ng tr\u0103m vi\u00ean ng\u1ecdc trai South Sea. V\u1edbi s\u1eafc v\u00e0ng kim (Golden South Sea) v\u00e0 v\u00e0ng chanh qu\u00fd hi\u1ebfm, m\u1ed7i vi\u00ean ng\u1ecdc \u0111\u1ec1u s\u1edf h\u1eefu l\u1edbp x\u00e0 c\u1eeb d\u00e0y, t\u1ea1o n\u00ean \u00e1nh s\u1eafc r\u1ef1c r\u1ee1 v\u00e0 chi\u1ec1u s\u00e2u h\u00fat m\u1eaft.<\/p>\n<p data-path-to-node=\"6\">T\u00e2m \u0111i\u1ec3m c\u1ee7a s\u1ee3i d\u00e2y l\u00e0 m\u1eb7t d\u00e2y chuy\u1ec1n h\u00ecnh hoa h\u01b0\u1edbng d\u01b0\u01a1ng \u0111\u1ea1i \u0111\u00f3a. Vi\u00ean ng\u1ecdc ch\u1ee7 k\u00edch th\u01b0\u1edbc l\u1edbn \u0111\u01b0\u1ee3c \u00f4m tr\u1ecdn b\u1edfi nh\u1eefng c\u00e1nh hoa \u0111\u00ednh \u0111\u00e1 qu\u00fd l\u1ea5p l\u00e1nh, t\u1ea1o n\u00ean m\u1ed9t s\u1ef1 b\u00f9ng n\u1ed5 v\u1ec1 th\u1ecb gi\u00e1c. Thi\u1ebft k\u1ebf n\u00e0y kh\u00f4ng ch\u1ec9 t\u00f4n vinh v\u1ebb \u0111\u1eb9p c\u1ee7a ng\u1ecdc trai m\u00e0 c\u00f2n kh\u00e9o l\u00e9o khoe tr\u1ecdn v\u00f9ng c\u1ed5 v\u00e0 x\u01b0\u01a1ng quai xanh thanh t\u00fa c\u1ee7a ph\u00e1i \u0111\u1eb9p, bi\u1ebfn ch\u1ee7 nh\u00e2n tr\u1edf th\u00e0nh t\u00e2m \u0111i\u1ec3m r\u1ef1c r\u1ee1 nh\u1ea5t c\u1ee7a m\u1ecdi kh\u00f4ng gian.<\/p>\n<h4 data-path-to-node=\"11\"><strong>H\u01b0\u1edbng d\u1eabn b\u1ea3o qu\u1ea3n t\u1ed1i gi\u1ea3n<\/strong><\/h4>\n<p data-path-to-node=\"12\">\u0110\u1ec3 b\u1ea3o v\u1ec7 v\u1ebb \u0111\u1eb9p v\u0129nh c\u1eedu c\u1ee7a ng\u1ecdc trai South Sea, b\u1ea1n c\u1ea7n tu\u00e2n th\u1ee7 c\u00e1c quy t\u1eafc sau:<\/p>\n<ol start=\"1\" data-path-to-node=\"13\">\n<li>\n<p data-path-to-node=\"13,0,0\"><b data-path-to-node=\"13,0,0\" data-index-in-node=\"0\">Lau b\u1eb1ng v\u1ea3i chuy\u00ean d\u1ee5ng:<\/b> Sau khi s\u1eed d\u1ee5ng, lu\u00f4n d\u00f9ng kh\u0103n v\u1ea3i m\u1ec1m (\u1ea9m nh\u1eb9) \u0111\u1ec3 lau s\u1ea1ch m\u1ed3 h\u00f4i. Axit trong m\u1ed3 h\u00f4i l\u00e0 t\u00e1c nh\u00e2n ch\u00ednh l\u00e0m m\u1edd \u0111\u1ed9 b\u00f3ng c\u1ee7a ng\u1ecdc.<\/p>\n<\/li>\n<li>\n<p data-path-to-node=\"13,1,0\"><b data-path-to-node=\"13,1,0\" data-index-in-node=\"0\">Tr\u00e1nh xa m\u1ef9 ph\u1ea9m:<\/b> Tuy\u1ec7t \u0111\u1ed1i kh\u00f4ng x\u1ecbt n\u01b0\u1edbc hoa ho\u1eb7c thoa kem d\u01b0\u1ee1ng da tr\u1ef1c ti\u1ebfp l\u00ean v\u00f2ng c\u1ed5. C\u00e1c h\u1ea1t h\u00f3a ch\u1ea5t s\u1ebd th\u1ea5m v\u00e0o l\u1ed7 ch\u00e2n l\u00f4ng c\u1ee7a ng\u1ecdc trai v\u00e0 l\u00e0m h\u1ecfng c\u1ea5u tr\u00fac b\u00ean trong.<\/p>\n<\/li>\n<li>\n<p data-path-to-node=\"13,2,0\"><b data-path-to-node=\"13,2,0\" data-index-in-node=\"0\">C\u1ea5t gi\u1eef ph\u1eb3ng:<\/b> N\u00ean \u0111\u1ec3 v\u00f2ng c\u1ed5 n\u1eb1m ph\u1eb3ng trong h\u1ed9p l\u00f3t nhung d\u00e0i thay v\u00ec treo l\u00ean. Vi\u1ec7c treo l\u00e2u ng\u00e0y c\u00f3 th\u1ec3 khi\u1ebfn d\u00e2y t\u01a1 t\u1eb1m b\u00ean trong b\u1ecb d\u00e3n do tr\u1ecdng l\u01b0\u1ee3ng l\u1edbn c\u1ee7a ng\u1ecdc trai.<\/p>\n<\/li>\n<li>\n<p data-path-to-node=\"13,3,0\"><b data-path-to-node=\"13,3,0\" data-index-in-node=\"0\">B\u1ea3o tr\u00ec \u0111\u1ecbnh k\u1ef3:<\/b> V\u1edbi thi\u1ebft k\u1ebf 3 v\u00f2ng n\u1eb7ng, b\u1ea1n n\u00ean mang \u0111\u1ebfn c\u1eeda h\u00e0ng ki\u1ec3m tra d\u00e2y n\u1ed1i 1-2 n\u0103m m\u1ed9t l\u1ea7n \u0111\u1ec3 \u0111\u1ea3m b\u1ea3o an to\u00e0n, tr\u00e1nh t\u00ecnh tr\u1ea1ng \u0111\u1ee9t d\u00e2y khi \u0111ang s\u1eed d\u1ee5ng.<\/p>\n<\/li>\n<\/ol>\n","protected":false},"excerpt":{"rendered":"<p data-path-to-node=\"3\">N\u1ebfu c\u00f3 m\u1ed9t m\u00f3n trang s\u1ee9c n\u00e0o c\u00f3 kh\u1ea3 n\u0103ng thu h\u00fat m\u1ecdi \u00e1nh nh\u00ecn v\u00e0 kh\u1eb3ng \u0111\u1ecbnh v\u1ecb th\u1ebf \u0111\u1ec9nh cao c\u1ee7a ng\u01b0\u1eddi s\u1edf h\u1eefu, \u0111\u00f3 ch\u00ednh l\u00e0 chi\u1ebfc v\u00f2ng c\u1ed5 ng\u1ecdc trai South Sea ba v\u00f2ng n\u00e0y. \u0110\u01b0\u1ee3c ch\u1ebf t\u00e1c t\u1eeb nh\u1eefng &#8220;gi\u1ecdt n\u01b0\u1edbc m\u1eaft c\u1ee7a \u0111\u1ea1i d\u01b0\u01a1ng&#8221;, thi\u1ebft k\u1ebf tam \u0111\u1ea1i (3 v\u00f2ng) mang \u0111\u1ebfn m\u1ed9t v\u1ebb \u0111\u1eb9p b\u1ec1 th\u1ebf, l\u1ed9ng l\u1eaby, t\u1ef1a nh\u01b0 phong th\u00e1i c\u1ee7a nh\u1eefng n\u1eef ho\u00e0ng trong c\u00e1c bu\u1ed5i y\u1ebfn ti\u1ec7c ho\u00e0ng gia.<\/p>\n<h4 data-path-to-node=\"8\"><strong>Th\u00f4ng s\u1ed1 k\u1ef9 thu\u1eadt s\u1ea3n ph\u1ea9m<\/strong><\/h4>\n<p data-path-to-node=\"9,0,0\">Lo\u1ea1i ng\u1ecdc: Ng\u1ecdc trai South Sea t\u1ef1 nhi\u00ean (lo\u1ea1i ng\u1ecdc trai c\u00f3 gi\u00e1 tr\u1ecb kinh t\u1ebf cao nh\u1ea5t th\u1ebf gi\u1edbi).<\/p>\n<p data-path-to-node=\"9,0,0\">M\u00e0u s\u1eafc: V\u00e0ng kim (Golden), V\u00e0ng Champagne v\u00e0 V\u00e0ng chanh nh\u1eb9.<\/p>\n<p data-path-to-node=\"9,2,0\">S\u1ed1 l\u01b0\u1ee3ng v\u00f2ng: Thi\u1ebft k\u1ebf 3 v\u00f2ng (Triple Strand) x\u1ebfp l\u1edbp \u0111\u1ec1u \u0111\u1eb7n.<\/p>\n<p data-path-to-node=\"9,3,0\">K\u00edch th\u01b0\u1edbc h\u1ea1t: Dao \u0111\u1ed9ng t\u1eeb 10mm \u0111\u1ebfn 14mm, tuy\u1ec3n ch\u1ecdn h\u1ea1t tr\u00f2n \u0111\u1ec1u ho\u00e0n h\u1ea3o.<\/p>\n","protected":false},"featured_media":234,"comment_status":"open","ping_status":"closed","template":"","meta":[],"product_brand":[],"product_cat":[38,27,47],"product_tag":[],"class_list":{"0":"post-368","1":"product","2":"type-product","3":"status-publish","4":"has-post-thumbnail","6":"product_cat-day-chuyen","7":"product_cat-tat-ca-san-pham","8":"product_cat-tran-vien-man","10":"first","11":"instock","12":"shipping-taxable","13":"purchasable","14":"product-type-simple"},"yoast_head":"<!-- This site is optimized with the Yoast SEO plugin v27.1.1 - https:\/\/yoast.com\/product\/yoast-seo-wordpress\/ -->\n<title>D\u00e2y chuy\u1ec1n Tr\u00e2n Vi\u00ean M\u00e3n - GENZiii<\/title>\n<meta name=\"description\" content=\"Chi\u1ebfc v\u00f2ng c\u1ed5 n\u00e0y kh\u00f4ng ch\u1ec9 l\u00e0 m\u1ed9t m\u00f3n \u0111\u1ed3 trang s\u1ee9c, m\u00e0 c\u00f2n l\u00e0 m\u1ed9t di s\u1ea3n c\u00f3 gi\u00e1 tr\u1ecb l\u01b0u gi\u1eef v\u00e0 truy\u1ec1n \u0111\u1eddi. H\u00e3y s\u1edf h\u1eefu ngay \u0111\u1ec3 kh\u1eb3ng \u0111\u1ecbnh phong c\u00e1ch!!\" \/>\n<meta name=\"robots\" content=\"index, follow, max-snippet:-1, max-image-preview:large, max-video-preview:-1\" \/>\n<link rel=\"canonical\" href=\"https:\/\/genziii.azdigi.shop\/index.php\/product\/day-chuyen-tran-vien-man\/\" \/>\n<meta property=\"og:locale\" content=\"en_US\" \/>\n<meta property=\"og:type\" content=\"article\" \/>\n<meta property=\"og:title\" content=\"D\u00e2y chuy\u1ec1n Tr\u00e2n Vi\u00ean M\u00e3n - GENZiii\" \/>\n<meta property=\"og:description\" content=\"Chi\u1ebfc v\u00f2ng c\u1ed5 n\u00e0y kh\u00f4ng ch\u1ec9 l\u00e0 m\u1ed9t m\u00f3n \u0111\u1ed3 trang s\u1ee9c, m\u00e0 c\u00f2n l\u00e0 m\u1ed9t di s\u1ea3n c\u00f3 gi\u00e1 tr\u1ecb l\u01b0u gi\u1eef v\u00e0 truy\u1ec1n \u0111\u1eddi. H\u00e3y s\u1edf h\u1eefu ngay \u0111\u1ec3 kh\u1eb3ng \u0111\u1ecbnh phong c\u00e1ch!!\" \/>\n<meta property=\"og:url\" content=\"https:\/\/genziii.azdigi.shop\/index.php\/product\/day-chuyen-tran-vien-man\/\" \/>\n<meta property=\"og:site_name\" content=\"GENZiii\" \/>\n<meta property=\"article:modified_time\" content=\"2026-04-04T15:29:45+00:00\" \/>\n<meta property=\"og:image\" content=\"https:\/\/genziii.azdigi.shop\/wp-content\/uploads\/2026\/04\/2-1024x559.png\" \/>\n\t<meta property=\"og:image:width\" content=\"1024\" \/>\n\t<meta property=\"og:image:height\" content=\"559\" \/>\n\t<meta property=\"og:image:type\" content=\"image\/png\" \/>\n<meta name=\"twitter:card\" content=\"summary_large_image\" \/>\n<meta name=\"twitter:label1\" content=\"Est. reading time\" \/>\n\t<meta name=\"twitter:data1\" content=\"2 minutes\" \/>\n<script type=\"application\/ld+json\" class=\"yoast-schema-graph\">{\"@context\":\"https:\/\/schema.org\",\"@graph\":[{\"@type\":\"WebPage\",\"@id\":\"https:\/\/genziii.azdigi.shop\/index.php\/product\/day-chuyen-tran-vien-man\/\",\"url\":\"https:\/\/genziii.azdigi.shop\/index.php\/product\/day-chuyen-tran-vien-man\/\",\"name\":\"D\u00e2y chuy\u1ec1n Tr\u00e2n Vi\u00ean M\u00e3n - GENZiii\",\"isPartOf\":{\"@id\":\"https:\/\/genziii.azdigi.shop\/#website\"},\"primaryImageOfPage\":{\"@id\":\"https:\/\/genziii.azdigi.shop\/index.php\/product\/day-chuyen-tran-vien-man\/#primaryimage\"},\"image\":{\"@id\":\"https:\/\/genziii.azdigi.shop\/index.php\/product\/day-chuyen-tran-vien-man\/#primaryimage\"},\"thumbnailUrl\":\"https:\/\/genziii.azdigi.shop\/wp-content\/uploads\/2026\/04\/2.png\",\"datePublished\":\"2026-04-02T08:43:07+00:00\",\"dateModified\":\"2026-04-04T15:29:45+00:00\",\"description\":\"Chi\u1ebfc v\u00f2ng c\u1ed5 n\u00e0y kh\u00f4ng ch\u1ec9 l\u00e0 m\u1ed9t m\u00f3n \u0111\u1ed3 trang s\u1ee9c, m\u00e0 c\u00f2n l\u00e0 m\u1ed9t di s\u1ea3n c\u00f3 gi\u00e1 tr\u1ecb l\u01b0u gi\u1eef v\u00e0 truy\u1ec1n \u0111\u1eddi. H\u00e3y s\u1edf h\u1eefu ngay \u0111\u1ec3 kh\u1eb3ng \u0111\u1ecbnh phong c\u00e1ch!!\",\"breadcrumb\":{\"@id\":\"https:\/\/genziii.azdigi.shop\/index.php\/product\/day-chuyen-tran-vien-man\/#breadcrumb\"},\"inLanguage\":\"en-US\",\"potentialAction\":[{\"@type\":\"ReadAction\",\"target\":[\"https:\/\/genziii.azdigi.shop\/index.php\/product\/day-chuyen-tran-vien-man\/\"]}]},{\"@type\":\"ImageObject\",\"inLanguage\":\"en-US\",\"@id\":\"https:\/\/genziii.azdigi.shop\/index.php\/product\/day-chuyen-tran-vien-man\/#primaryimage\",\"url\":\"https:\/\/genziii.azdigi.shop\/wp-content\/uploads\/2026\/04\/2.png\",\"contentUrl\":\"https:\/\/genziii.azdigi.shop\/wp-content\/uploads\/2026\/04\/2.png\",\"width\":1408,\"height\":768},{\"@type\":\"BreadcrumbList\",\"@id\":\"https:\/\/genziii.azdigi.shop\/index.php\/product\/day-chuyen-tran-vien-man\/#breadcrumb\",\"itemListElement\":[{\"@type\":\"ListItem\",\"position\":1,\"name\":\"Home\",\"item\":\"https:\/\/genziii.azdigi.shop\/\"},{\"@type\":\"ListItem\",\"position\":2,\"name\":\"Shop\",\"item\":\"https:\/\/genziii.azdigi.shop\/index.php\/shop\/\"},{\"@type\":\"ListItem\",\"position\":3,\"name\":\"D\u00e2y chuy\u1ec1n Tr\u00e2n Vi\u00ean M\u00e3n\"}]},{\"@type\":\"WebSite\",\"@id\":\"https:\/\/genziii.azdigi.shop\/#website\",\"url\":\"https:\/\/genziii.azdigi.shop\/\",\"name\":\"GENZiii\",\"description\":\"GENZiii\",\"potentialAction\":[{\"@type\":\"SearchAction\",\"target\":{\"@type\":\"EntryPoint\",\"urlTemplate\":\"https:\/\/genziii.azdigi.shop\/?s={search_term_string}\"},\"query-input\":{\"@type\":\"PropertyValueSpecification\",\"valueRequired\":true,\"valueName\":\"search_term_string\"}}],\"inLanguage\":\"en-US\"}]}<\/script>\n<!-- \/ Yoast SEO plugin. -->","yoast_head_json":{"title":"D\u00e2y chuy\u1ec1n Tr\u00e2n Vi\u00ean M\u00e3n - GENZiii","description":"Chi\u1ebfc v\u00f2ng c\u1ed5 n\u00e0y kh\u00f4ng ch\u1ec9 l\u00e0 m\u1ed9t m\u00f3n \u0111\u1ed3 trang s\u1ee9c, m\u00e0 c\u00f2n l\u00e0 m\u1ed9t di s\u1ea3n c\u00f3 gi\u00e1 tr\u1ecb l\u01b0u gi\u1eef v\u00e0 truy\u1ec1n \u0111\u1eddi. H\u00e3y s\u1edf h\u1eefu ngay \u0111\u1ec3 kh\u1eb3ng \u0111\u1ecbnh phong c\u00e1ch!!","robots":{"index":"index","follow":"follow","max-snippet":"max-snippet:-1","max-image-preview":"max-image-preview:large","max-video-preview":"max-video-preview:-1"},"canonical":"https:\/\/genziii.azdigi.shop\/index.php\/product\/day-chuyen-tran-vien-man\/","og_locale":"en_US","og_type":"article","og_title":"D\u00e2y chuy\u1ec1n Tr\u00e2n Vi\u00ean M\u00e3n - GENZiii","og_description":"Chi\u1ebfc v\u00f2ng c\u1ed5 n\u00e0y kh\u00f4ng ch\u1ec9 l\u00e0 m\u1ed9t m\u00f3n \u0111\u1ed3 trang s\u1ee9c, m\u00e0 c\u00f2n l\u00e0 m\u1ed9t di s\u1ea3n c\u00f3 gi\u00e1 tr\u1ecb l\u01b0u gi\u1eef v\u00e0 truy\u1ec1n \u0111\u1eddi. H\u00e3y s\u1edf h\u1eefu ngay \u0111\u1ec3 kh\u1eb3ng \u0111\u1ecbnh phong c\u00e1ch!!","og_url":"https:\/\/genziii.azdigi.shop\/index.php\/product\/day-chuyen-tran-vien-man\/","og_site_name":"GENZiii","article_modified_time":"2026-04-04T15:29:45+00:00","og_image":[{"width":1024,"height":559,"url":"https:\/\/genziii.azdigi.shop\/wp-content\/uploads\/2026\/04\/2-1024x559.png","type":"image\/png"}],"twitter_card":"summary_large_image","twitter_misc":{"Est. reading time":"2 minutes"},"schema":{"@context":"https:\/\/schema.org","@graph":[{"@type":"WebPage","@id":"https:\/\/genziii.azdigi.shop\/index.php\/product\/day-chuyen-tran-vien-man\/","url":"https:\/\/genziii.azdigi.shop\/index.php\/product\/day-chuyen-tran-vien-man\/","name":"D\u00e2y chuy\u1ec1n Tr\u00e2n Vi\u00ean M\u00e3n - GENZiii","isPartOf":{"@id":"https:\/\/genziii.azdigi.shop\/#website"},"primaryImageOfPage":{"@id":"https:\/\/genziii.azdigi.shop\/index.php\/product\/day-chuyen-tran-vien-man\/#primaryimage"},"image":{"@id":"https:\/\/genziii.azdigi.shop\/index.php\/product\/day-chuyen-tran-vien-man\/#primaryimage"},"thumbnailUrl":"https:\/\/genziii.azdigi.shop\/wp-content\/uploads\/2026\/04\/2.png","datePublished":"2026-04-02T08:43:07+00:00","dateModified":"2026-04-04T15:29:45+00:00","description":"Chi\u1ebfc v\u00f2ng c\u1ed5 n\u00e0y kh\u00f4ng ch\u1ec9 l\u00e0 m\u1ed9t m\u00f3n \u0111\u1ed3 trang s\u1ee9c, m\u00e0 c\u00f2n l\u00e0 m\u1ed9t di s\u1ea3n c\u00f3 gi\u00e1 tr\u1ecb l\u01b0u gi\u1eef v\u00e0 truy\u1ec1n \u0111\u1eddi. H\u00e3y s\u1edf h\u1eefu ngay \u0111\u1ec3 kh\u1eb3ng \u0111\u1ecbnh phong c\u00e1ch!!","breadcrumb":{"@id":"https:\/\/genziii.azdigi.shop\/index.php\/product\/day-chuyen-tran-vien-man\/#breadcrumb"},"inLanguage":"en-US","potentialAction":[{"@type":"ReadAction","target":["https:\/\/genziii.azdigi.shop\/index.php\/product\/day-chuyen-tran-vien-man\/"]}]},{"@type":"ImageObject","inLanguage":"en-US","@id":"https:\/\/genziii.azdigi.shop\/index.php\/product\/day-chuyen-tran-vien-man\/#primaryimage","url":"https:\/\/genziii.azdigi.shop\/wp-content\/uploads\/2026\/04\/2.png","contentUrl":"https:\/\/genziii.azdigi.shop\/wp-content\/uploads\/2026\/04\/2.png","width":1408,"height":768},{"@type":"BreadcrumbList","@id":"https:\/\/genziii.azdigi.shop\/index.php\/product\/day-chuyen-tran-vien-man\/#breadcrumb","itemListElement":[{"@type":"ListItem","position":1,"name":"Home","item":"https:\/\/genziii.azdigi.shop\/"},{"@type":"ListItem","position":2,"name":"Shop","item":"https:\/\/genziii.azdigi.shop\/index.php\/shop\/"},{"@type":"ListItem","position":3,"name":"D\u00e2y chuy\u1ec1n Tr\u00e2n Vi\u00ean M\u00e3n"}]},{"@type":"WebSite","@id":"https:\/\/genziii.azdigi.shop\/#website","url":"https:\/\/genziii.azdigi.shop\/","name":"GENZiii","description":"GENZiii","potentialAction":[{"@type":"SearchAction","target":{"@type":"EntryPoint","urlTemplate":"https:\/\/genziii.azdigi.shop\/?s={search_term_string}"},"query-input":{"@type":"PropertyValueSpecification","valueRequired":true,"valueName":"search_term_string"}}],"inLanguage":"en-US"}]}},"_links":{"self":[{"href":"https:\/\/genziii.azdigi.shop\/index.php\/wp-json\/wp\/v2\/product\/368","targetHints":{"allow":["GET"]}}],"collection":[{"href":"https:\/\/genziii.azdigi.shop\/index.php\/wp-json\/wp\/v2\/product"}],"about":[{"href":"https:\/\/genziii.azdigi.shop\/index.php\/wp-json\/wp\/v2\/types\/product"}],"replies":[{"embeddable":true,"href":"https:\/\/genziii.azdigi.shop\/index.php\/wp-json\/wp\/v2\/comments?post=368"}],"wp:featuredmedia":[{"embeddable":true,"href":"https:\/\/genziii.azdigi.shop\/index.php\/wp-json\/wp\/v2\/media\/234"}],"wp:attachment":[{"href":"https:\/\/genziii.azdigi.shop\/index.php\/wp-json\/wp\/v2\/media?parent=368"}],"wp:term":[{"taxonomy":"product_brand","embeddable":true,"href":"https:\/\/genziii.azdigi.shop\/index.php\/wp-json\/wp\/v2\/product_brand?post=368"},{"taxonomy":"product_cat","embeddable":true,"href":"https:\/\/genziii.azdigi.shop\/index.php\/wp-json\/wp\/v2\/product_cat?post=368"},{"taxonomy":"product_tag","embeddable":true,"href":"https:\/\/genziii.azdigi.shop\/index.php\/wp-json\/wp\/v2\/product_tag?post=368"}],"curies":[{"name":"wp","href":"https:\/\/api.w.org\/{rel}","templated":true}]}}